{"id":462,"date":"2026-04-12T18:46:35","date_gmt":"2026-04-12T18:46:35","guid":{"rendered":"https:\/\/amazon.azdigi.shop\/?post_type=product&#038;p=462"},"modified":"2026-04-18T06:48:00","modified_gmt":"2026-04-18T06:48:00","slug":"dam-lua-hong-pastel-phoi-ren-ve-dep-nu-tinh-va-sang-trong-cho-moi-buoi-tiec","status":"publish","type":"product","link":"https:\/\/amazon.azdigi.shop\/index.php\/product\/dam-lua-hong-pastel-phoi-ren-ve-dep-nu-tinh-va-sang-trong-cho-moi-buoi-tiec\/","title":{"rendered":"\u0110\u1ea7m L\u1ee5a H\u1ed3ng Pastel Ph\u1ed1i Ren \u2013 V\u1ebb \u0110\u1eb9p N\u1eef T\u00ednh V\u00e0 Sang Tr\u1ecdng Cho M\u1ecdi Bu\u1ed5i Ti\u1ec7c"},"content":{"rendered":"<h2 class=\"otQkpb\" role=\"heading\" aria-level=\"3\" data-sfc-root=\"c\" data-complete=\"true\" data-processed=\"true\"><strong class=\"Yjhzub\" data-sfc-root=\"c\" data-sfc-cb=\"\" data-complete=\"true\">\u0110\u1ea7m L\u1ee5a H\u1ed3ng Pastel Ph\u1ed1i Ren \u2013 V\u1ebb \u0110\u1eb9p N\u1eef T\u00ednh V\u00e0 Sang Tr\u1ecdng Cho M\u1ecdi Bu\u1ed5i Ti\u1ec7c<\/strong><\/h2>\n<div class=\"Y3BBE\" data-sfc-cp=\"\" data-sfc-root=\"c\" data-sfc-cb=\"\" data-hveid=\"CAcQAA\" data-complete=\"true\" data-processed=\"true\">Trong th\u1ebf gi\u1edbi th\u1eddi trang, nh\u1eefng thi\u1ebft k\u1ebf t\u1eeb ch\u1ea5t li\u1ec7u l\u1ee5a lu\u00f4n gi\u1eef m\u1ed9t v\u1ecb th\u1ebf ri\u00eang bi\u1ec7t nh\u1edd s\u1ef1 thanh l\u1ecbch v\u00e0 \u0111\u1eb3ng c\u1ea5p. M\u1eabu\u00a0<strong class=\"Yjhzub\" data-sfc-root=\"c\" data-sfc-cb=\"\" data-complete=\"true\" data-processed=\"true\">\u0111\u1ea7m l\u1ee5a h\u1ed3ng pastel ph\u1ed1i ren<\/strong>\u00a0d\u01b0\u1edbi \u0111\u00e2y ch\u00ednh l\u00e0 l\u1ef1a ch\u1ecdn ho\u00e0n h\u1ea3o cho nh\u1eefng c\u00f4 n\u00e0ng theo \u0111u\u1ed5i phong c\u00e1ch d\u1ecbu d\u00e0ng nh\u01b0ng kh\u00f4ng k\u00e9m ph\u1ea7n quy\u1ebfn r\u0169.<\/div>\n<div class=\"Fsg96\" data-sfc-cp=\"\" data-sfc-root=\"c\" data-sfc-cb=\"\" data-complete=\"true\" data-processed=\"true\"><\/div>\n<div class=\"AdPoic\" role=\"heading\" aria-level=\"3\" data-animation-nesting=\"\" data-sfc-cp=\"\" data-sfc-root=\"c\" data-sfc-cb=\"\" data-complete=\"true\" data-processed=\"true\" data-sae=\"\"><strong class=\"Yjhzub\" data-sfc-root=\"c\" data-sfc-cb=\"\" data-complete=\"true\">Thi\u1ebft K\u1ebf Tinh T\u1ebf Trong T\u1eebng \u0110\u01b0\u1eddng N\u00e9t<\/strong><\/div>\n<div class=\"Y3BBE\" data-sfc-cp=\"\" data-sfc-root=\"c\" data-sfc-cb=\"\" data-hveid=\"CAgQAA\" data-complete=\"true\" data-processed=\"true\">M\u1eabu \u0111\u1ea7m g\u00e2y \u1ea5n t\u01b0\u1ee3ng m\u1ea1nh v\u1edbi s\u1ef1 k\u1ebft h\u1ee3p h\u00e0i h\u00f2a gi\u1eefa ch\u1ea5t li\u1ec7u\u00a0<strong class=\"Yjhzub\" data-sfc-root=\"c\" data-sfc-cb=\"\" data-complete=\"true\" data-processed=\"true\">l\u1ee5a satin<\/strong>\u00a0cao c\u1ea5p v\u00e0 c\u00e1c chi ti\u1ebft \u0111i\u1ec3m xuy\u1ebft tinh x\u1ea3o:<\/div>\n<ul class=\"KsbFXc U6u95\" data-sfc-root=\"c\" data-sfc-cb=\"\" data-complete=\"true\" data-processed=\"true\">\n<li class=\"dF3vjf\" data-sfc-root=\"c\" data-sfc-cb=\"\" data-hveid=\"CAkQAA\" data-complete=\"true\" data-sae=\"\"><span class=\"T286Pc\" data-sfc-cp=\"\" data-sfc-root=\"c\" data-sfc-cb=\"\" data-complete=\"true\" aria-owns=\"action-menu-parent-container\"><strong class=\"Yjhzub\" data-sfc-root=\"c\" data-sfc-cb=\"\" data-complete=\"true\">Ch\u1ea5t li\u1ec7u l\u1ee5a satin:<\/strong>\u00a0B\u1ec1 m\u1eb7t v\u1ea3i b\u00f3ng m\u1ecbn, c\u00f3 \u0111\u1ed9 r\u1ee7 t\u1ef1 nhi\u00ean gi\u00fap t\u00f4n l\u00ean nh\u1eefng \u0111\u01b0\u1eddng cong m\u1ec1m m\u1ea1i c\u1ee7a ph\u00e1i \u0111\u1eb9p m\u00e0 v\u1eabn mang l\u1ea1i c\u1ea3m gi\u00e1c tho\u1ea3i m\u00e1i khi m\u1eb7c.<\/span><\/li>\n<li class=\"dF3vjf\" data-sfc-root=\"c\" data-sfc-cb=\"\" data-hveid=\"CAkQAA\" data-complete=\"true\" data-sae=\"\"><span class=\"T286Pc\" data-sfc-cp=\"\" data-sfc-root=\"c\" data-sfc-cb=\"\" data-complete=\"true\"><strong class=\"Yjhzub\" data-sfc-root=\"c\" data-sfc-cb=\"\" data-complete=\"true\">Chi ti\u1ebft ph\u1ed1i ren:<\/strong>\u00a0Ph\u1ea7n c\u1ed5 V s\u00e2u \u0111\u01b0\u1ee3c vi\u1ec1n ren tr\u1eafng m\u1ecfng manh, t\u1ea1o \u0111i\u1ec3m nh\u1ea5n g\u1ee3i c\u1ea3m m\u1ed9t c\u00e1ch \u0111\u1ea7y tinh t\u1ebf.<\/span><\/li>\n<li class=\"dF3vjf\" data-sfc-root=\"c\" data-sfc-cb=\"\" data-hveid=\"CAkQAA\" data-complete=\"true\" data-sae=\"\"><span class=\"T286Pc\" data-sfc-cp=\"\" data-sfc-root=\"c\" data-sfc-cb=\"\" data-complete=\"true\"><strong class=\"Yjhzub\" data-sfc-root=\"c\" data-sfc-cb=\"\" data-complete=\"true\">\u0110i\u1ec3m nh\u1ea5n th\u1eaft n\u01a1:<\/strong>\u00a0S\u1ee3i d\u00e2y th\u1eaft n\u01a1 m\u1ea3nh mai \u1edf ng\u1ef1c kh\u00f4ng ch\u1ec9 l\u00e0m t\u0103ng th\u00eam v\u1ebb \u0111i\u1ec7u \u0111\u00e0 m\u00e0 c\u00f2n gi\u00fap \u0111i\u1ec1u ch\u1ec9nh \u0111\u1ed9 \u00f4m s\u00e1t cho ph\u00f9 h\u1ee3p v\u1edbi v\u00f3c d\u00e1ng.<\/span><\/li>\n<li class=\"dF3vjf\" data-sfc-root=\"c\" data-sfc-cb=\"\" data-hveid=\"CAkQAA\" data-complete=\"true\" data-sae=\"\"><span class=\"T286Pc\" data-sfc-cp=\"\" data-sfc-root=\"c\" data-sfc-cb=\"\" data-complete=\"true\"><strong class=\"Yjhzub\" data-sfc-root=\"c\" data-sfc-cb=\"\" data-complete=\"true\">Tay b\u1ed3ng n\u1eef t\u00ednh:<\/strong>\u00a0Thi\u1ebft k\u1ebf tay ng\u1eafn b\u1ed3ng nh\u1eb9 gi\u00fap che khuy\u1ebft \u0111i\u1ec3m b\u1eafp tay hi\u1ec7u qu\u1ea3, mang l\u1ea1i v\u1ebb ngo\u00e0i tr\u1ebb trung nh\u01b0 nh\u1eefng n\u00e0ng ti\u1ec3u th\u01b0.<\/span><\/li>\n<li data-sfc-root=\"c\" data-sfc-cb=\"\" data-hveid=\"CAkQAA\" data-complete=\"true\" data-sae=\"\">\n<div class=\"AdPoic\" role=\"heading\" aria-level=\"3\" data-animation-nesting=\"\" data-sfc-cp=\"\" data-sfc-root=\"c\" data-sfc-cb=\"\" data-complete=\"true\" data-processed=\"true\" data-sae=\"\"><strong class=\"Yjhzub\" data-sfc-root=\"c\" data-sfc-cb=\"\" data-complete=\"true\">Gam M\u00e0u H\u1ed3ng Pastel \u2013 Bi\u1ec3u T\u01b0\u1ee3ng C\u1ee7a S\u1ef1 Ng\u1ecdt Ng\u00e0o<\/strong><\/div>\n<div class=\"Y3BBE\" data-sfc-cp=\"\" data-sfc-root=\"c\" data-sfc-cb=\"\" data-hveid=\"CAoQAA\" data-complete=\"true\" data-processed=\"true\" aria-owns=\"action-menu-parent-container\">M\u00e0u h\u1ed3ng pastel ch\u01b0a bao gi\u1edd l\u1ed7i m\u1ed1t trong t\u1ee7 \u0111\u1ed3 c\u1ee7a ph\u00e1i \u0111\u1eb9p. T\u00f4ng m\u00e0u n\u00e0y kh\u00f4ng ch\u1ec9 t\u00f4n da m\u00e0 c\u00f2n mang l\u1ea1i c\u1ea3m gi\u00e1c d\u1ecbu m\u00e1t, thanh b\u00ecnh, r\u1ea5t ph\u00f9 h\u1ee3p cho c\u00e1c bu\u1ed5i ti\u1ec7c ngo\u00e0i tr\u1eddi, ti\u1ec7c c\u01b0\u1edbi hay nh\u1eefng bu\u1ed5i h\u1eb9n h\u00f2 l\u00e3ng m\u1ea1n.<\/div>\n<\/li>\n<li data-sfc-root=\"c\" data-sfc-cb=\"\" data-hveid=\"CAkQAA\" data-complete=\"true\" data-sae=\"\">\n<div class=\"AdPoic\" role=\"heading\" aria-level=\"3\" data-animation-nesting=\"\" data-sfc-cp=\"\" data-sfc-root=\"c\" data-sfc-cb=\"\" data-complete=\"true\" data-processed=\"true\" data-sae=\"\"><strong class=\"Yjhzub\" data-sfc-root=\"c\" data-sfc-cb=\"\" data-complete=\"true\">G\u1ee3i \u00dd C\u00e1ch Ph\u1ed1i \u0110\u1ed3 (Mix &amp; Match)<\/strong><\/div>\n<div class=\"Y3BBE\" data-sfc-cp=\"\" data-sfc-root=\"c\" data-sfc-cb=\"\" data-hveid=\"CAsQAA\" data-complete=\"true\" data-processed=\"true\">\u0110\u1ec3 ho\u00e0n thi\u1ec7n di\u1ec7n m\u1ea1o chu\u1ea9n &#8220;sang ch\u1ea3nh&#8221;, b\u1ea1n c\u00f3 th\u1ec3 k\u1ebft h\u1ee3p m\u1eabu \u0111\u1ea7m n\u00e0y c\u00f9ng:<\/div>\n<ul class=\"KsbFXc U6u95\" data-sfc-root=\"c\" data-sfc-cb=\"\" data-complete=\"true\" data-processed=\"true\">\n<li class=\"dF3vjf\" data-sfc-root=\"c\" data-sfc-cb=\"\" data-hveid=\"CAwQAA\" data-complete=\"true\" data-sae=\"\"><span class=\"T286Pc\" data-sfc-cp=\"\" data-sfc-root=\"c\" data-sfc-cb=\"\" data-complete=\"true\"><strong class=\"Yjhzub\" data-sfc-root=\"c\" data-sfc-cb=\"\" data-complete=\"true\">Ph\u1ee5 ki\u1ec7n:<\/strong>\u00a0M\u1ed9t chi\u1ebfc t\u00fai x\u00e1ch c\u1ea7m tay m\u00e0u tr\u1eafng ho\u1eb7c ng\u1ecdc trai s\u1ebd l\u00e0 ng\u01b0\u1eddi b\u1ea1n \u0111\u1ed3ng h\u00e0nh l\u00fd t\u01b0\u1edfng.<\/span><\/li>\n<li class=\"dF3vjf\" data-sfc-root=\"c\" data-sfc-cb=\"\" data-hveid=\"CAwQAQ\" data-complete=\"true\" data-sae=\"\"><span class=\"T286Pc\" data-sfc-cp=\"\" data-sfc-root=\"c\" data-sfc-cb=\"\" data-complete=\"true\"><strong class=\"Yjhzub\" data-sfc-root=\"c\" data-sfc-cb=\"\" data-complete=\"true\">Gi\u00e0y d\u00e9p:<\/strong>\u00a0Gi\u00e0y cao g\u00f3t m\u0169i nh\u1ecdn m\u00e0u tr\u1eafng ho\u1eb7c be s\u1ebd gi\u00fap &#8220;hack&#8221; d\u00e1ng, cho \u0111\u00f4i ch\u00e2n th\u00eam d\u00e0i v\u00e0 thon g\u1ecdn h\u01a1n.<\/span><\/li>\n<li class=\"dF3vjf\" data-sfc-root=\"c\" data-sfc-cb=\"\" data-hveid=\"CAwQAg\" data-complete=\"true\" data-sae=\"\"><span class=\"T286Pc\" data-sfc-cp=\"\" data-sfc-root=\"c\" data-sfc-cb=\"\" data-complete=\"true\" aria-owns=\"action-menu-parent-container\"><strong class=\"Yjhzub\" data-sfc-root=\"c\" data-sfc-cb=\"\" data-complete=\"true\">Trang s\u1ee9c:<\/strong>\u00a0\u0110\u00f4i b\u00f4ng tai ng\u1ecdc trai \u0111\u01a1n gi\u1ea3n l\u00e0 \u0111\u1ee7 \u0111\u1ec3 l\u00e0m n\u1ed5i b\u1eadt g\u01b0\u01a1ng m\u1eb7t thanh t\u00fa.<\/span><\/li>\n<li data-sfc-root=\"c\" data-sfc-cb=\"\" data-hveid=\"CAwQAg\" data-complete=\"true\" data-sae=\"\"><\/li>\n<li data-sfc-root=\"c\" data-sfc-cb=\"\" data-hveid=\"CAwQAg\" data-complete=\"true\" data-sae=\"\"><img loading=\"lazy\" decoding=\"async\" class=\"alignnone wp-image-405 size-full\" src=\"https:\/\/amazon.azdigi.shop\/wp-content\/uploads\/2026\/04\/darling-6.webp\" alt=\"\u0111\u1ea7m l\u1ee5a h\u1ed3ng pastel ph\u1ed1i ren Luna Closet\" width=\"1024\" height=\"1024\" srcset=\"https:\/\/amazon.azdigi.shop\/wp-content\/uploads\/2026\/04\/darling-6.webp 1024w, https:\/\/amazon.azdigi.shop\/wp-content\/uploads\/2026\/04\/darling-6-300x300.webp 300w, https:\/\/amazon.azdigi.shop\/wp-content\/uploads\/2026\/04\/darling-6-150x150.webp 150w, https:\/\/amazon.azdigi.shop\/wp-content\/uploads\/2026\/04\/darling-6-768x768.webp 768w, https:\/\/amazon.azdigi.shop\/wp-content\/uploads\/2026\/04\/darling-6-600x600.webp 600w, https:\/\/amazon.azdigi.shop\/wp-content\/uploads\/2026\/04\/darling-6-100x100.webp 100w\" sizes=\"auto, (max-width: 1024px) 100vw, 1024px\" \/><\/li>\n<li data-sfc-root=\"c\" data-sfc-cb=\"\" data-hveid=\"CAwQAg\" data-complete=\"true\" data-sae=\"\"><\/li>\n<\/ul>\n<\/li>\n<\/ul>\n","protected":false},"excerpt":{"rendered":"<p>\u0110\u1ea7m L\u1ee5a H\u1ed3ng Pastel Ph\u1ed1i Ren \u2013 V\u1ebb \u0110\u1eb9p N\u1eef T\u00ednh V\u00e0 Sang Tr\u1ecdng Cho M\u1ecdi Bu\u1ed5i Ti\u1ec7c Trong th\u1ebf gi\u1edbi th\u1eddi trang, nh\u1eefng thi\u1ebft k\u1ebf t\u1eeb ch\u1ea5t li\u1ec7u l\u1ee5a lu\u00f4n gi\u1eef m\u1ed9t v\u1ecb th\u1ebf ri\u00eang bi\u1ec7t nh\u1edd s\u1ef1 thanh l\u1ecbch v\u00e0 \u0111\u1eb3ng c\u1ea5p. M\u1eabu\u00a0\u0111\u1ea7m l\u1ee5a h\u1ed3ng pastel ph\u1ed1i ren\u00a0d\u01b0\u1edbi \u0111\u00e2y ch\u00ednh l\u00e0 l\u1ef1a ch\u1ecdn [&#8230;]\n","protected":false},"featured_media":403,"comment_status":"open","ping_status":"closed","template":"","meta":[],"product_brand":[],"product_cat":[39,40,30,20,53,16,32,34,33,21,55],"product_tag":[],"class_list":{"0":"post-462","1":"product","2":"type-product","3":"status-publish","4":"has-post-thumbnail","6":"product_cat-a-day-with-labby","7":"product_cat-breath-of-summer","8":"product_cat-coastal-muse","9":"product_cat-dam","10":"product_cat-dam-du-tiec","11":"product_cat-dam-midi-dam","12":"product_cat-dream-closet","13":"product_cat-luminious-spring","14":"product_cat-rose-allure","15":"product_cat-vay","16":"product_cat-vay-midi","18":"first","19":"instock","20":"sale","21":"shipping-taxable","22":"purchasable","23":"product-type-variable"},"yoast_head":"<!-- This site is optimized with the Yoast SEO plugin v27.2 - https:\/\/yoast.com\/product\/yoast-seo-wordpress\/ -->\n<title>\u0110\u1ea7m L\u1ee5a H\u1ed3ng Pastel Ph\u1ed1i Ren \u2013 V\u1ebb \u0110\u1eb9p N\u1eef T\u00ednh V\u00e0 Sang Tr\u1ecdng Cho M\u1ecdi Bu\u1ed5i Ti\u1ec7c - lunacloset<\/title>\n<meta name=\"description\" content=\"Mua ngay \u0110\u1ea7m l\u1ee5a h\u1ed3ng pastel ph\u1ed1i ren cao c\u1ea5p t\u1ea1i Luna Closet. Thi\u1ebft k\u1ebf thanh l\u1ecbch, ch\u1ea5t li\u1ec7u l\u1ee5a satin m\u1ecbn m\u00e0ng, t\u00f4n d\u00e1ng cho m\u1ecdi bu\u1ed5i ti\u1ec7c. Freeship to\u00e0n qu\u1ed1c!\" \/>\n<meta name=\"robots\" content=\"index, follow, max-snippet:-1, max-image-preview:large, max-video-preview:-1\" \/>\n<link rel=\"canonical\" href=\"https:\/\/amazon.azdigi.shop\/index.php\/product\/dam-lua-hong-pastel-phoi-ren-ve-dep-nu-tinh-va-sang-trong-cho-moi-buoi-tiec\/\" \/>\n<meta property=\"og:locale\" content=\"en_US\" \/>\n<meta property=\"og:type\" content=\"article\" \/>\n<meta property=\"og:title\" content=\"\u0110\u1ea7m L\u1ee5a H\u1ed3ng Pastel Ph\u1ed1i Ren \u2013 V\u1ebb \u0110\u1eb9p N\u1eef T\u00ednh V\u00e0 Sang Tr\u1ecdng Cho M\u1ecdi Bu\u1ed5i Ti\u1ec7c - lunacloset\" \/>\n<meta property=\"og:description\" content=\"Mua ngay \u0110\u1ea7m l\u1ee5a h\u1ed3ng pastel ph\u1ed1i ren cao c\u1ea5p t\u1ea1i Luna Closet. Thi\u1ebft k\u1ebf thanh l\u1ecbch, ch\u1ea5t li\u1ec7u l\u1ee5a satin m\u1ecbn m\u00e0ng, t\u00f4n d\u00e1ng cho m\u1ecdi bu\u1ed5i ti\u1ec7c. Freeship to\u00e0n qu\u1ed1c!\" \/>\n<meta property=\"og:url\" content=\"https:\/\/amazon.azdigi.shop\/index.php\/product\/dam-lua-hong-pastel-phoi-ren-ve-dep-nu-tinh-va-sang-trong-cho-moi-buoi-tiec\/\" \/>\n<meta property=\"og:site_name\" content=\"lunacloset\" \/>\n<meta property=\"article:modified_time\" content=\"2026-04-18T06:48:00+00:00\" \/>\n<meta property=\"og:image\" content=\"https:\/\/amazon.azdigi.shop\/wp-content\/uploads\/2026\/04\/darling-4.webp?wsr\" \/>\n\t<meta property=\"og:image:width\" content=\"1024\" \/>\n\t<meta property=\"og:image:height\" content=\"1024\" \/>\n\t<meta property=\"og:image:type\" content=\"image\/webp\" \/>\n<meta name=\"twitter:card\" content=\"summary_large_image\" \/>\n<meta name=\"twitter:label1\" content=\"Est. reading time\" \/>\n\t<meta name=\"twitter:data1\" content=\"3 minutes\" \/>\n<script type=\"application\/ld+json\" class=\"yoast-schema-graph\">{\"@context\":\"https:\/\/schema.org\",\"@graph\":[{\"@type\":\"WebPage\",\"@id\":\"https:\/\/amazon.azdigi.shop\/index.php\/product\/dam-lua-hong-pastel-phoi-ren-ve-dep-nu-tinh-va-sang-trong-cho-moi-buoi-tiec\/\",\"url\":\"https:\/\/amazon.azdigi.shop\/index.php\/product\/dam-lua-hong-pastel-phoi-ren-ve-dep-nu-tinh-va-sang-trong-cho-moi-buoi-tiec\/\",\"name\":\"\u0110\u1ea7m L\u1ee5a H\u1ed3ng Pastel Ph\u1ed1i Ren \u2013 V\u1ebb \u0110\u1eb9p N\u1eef T\u00ednh V\u00e0 Sang Tr\u1ecdng Cho M\u1ecdi Bu\u1ed5i Ti\u1ec7c - lunacloset\",\"isPartOf\":{\"@id\":\"https:\/\/amazon.azdigi.shop\/#website\"},\"primaryImageOfPage\":{\"@id\":\"https:\/\/amazon.azdigi.shop\/index.php\/product\/dam-lua-hong-pastel-phoi-ren-ve-dep-nu-tinh-va-sang-trong-cho-moi-buoi-tiec\/#primaryimage\"},\"image\":{\"@id\":\"https:\/\/amazon.azdigi.shop\/index.php\/product\/dam-lua-hong-pastel-phoi-ren-ve-dep-nu-tinh-va-sang-trong-cho-moi-buoi-tiec\/#primaryimage\"},\"thumbnailUrl\":\"https:\/\/amazon.azdigi.shop\/wp-content\/uploads\/2026\/04\/darling-4.webp?wsr\",\"datePublished\":\"2026-04-12T18:46:35+00:00\",\"dateModified\":\"2026-04-18T06:48:00+00:00\",\"description\":\"Mua ngay \u0110\u1ea7m l\u1ee5a h\u1ed3ng pastel ph\u1ed1i ren cao c\u1ea5p t\u1ea1i Luna Closet. Thi\u1ebft k\u1ebf thanh l\u1ecbch, ch\u1ea5t li\u1ec7u l\u1ee5a satin m\u1ecbn m\u00e0ng, t\u00f4n d\u00e1ng cho m\u1ecdi bu\u1ed5i ti\u1ec7c. Freeship to\u00e0n qu\u1ed1c!\",\"breadcrumb\":{\"@id\":\"https:\/\/amazon.azdigi.shop\/index.php\/product\/dam-lua-hong-pastel-phoi-ren-ve-dep-nu-tinh-va-sang-trong-cho-moi-buoi-tiec\/#breadcrumb\"},\"inLanguage\":\"en-US\",\"potentialAction\":[{\"@type\":\"ReadAction\",\"target\":[\"https:\/\/amazon.azdigi.shop\/index.php\/product\/dam-lua-hong-pastel-phoi-ren-ve-dep-nu-tinh-va-sang-trong-cho-moi-buoi-tiec\/\"]}]},{\"@type\":\"ImageObject\",\"inLanguage\":\"en-US\",\"@id\":\"https:\/\/amazon.azdigi.shop\/index.php\/product\/dam-lua-hong-pastel-phoi-ren-ve-dep-nu-tinh-va-sang-trong-cho-moi-buoi-tiec\/#primaryimage\",\"url\":\"https:\/\/amazon.azdigi.shop\/wp-content\/uploads\/2026\/04\/darling-4.webp?wsr\",\"contentUrl\":\"https:\/\/amazon.azdigi.shop\/wp-content\/uploads\/2026\/04\/darling-4.webp?wsr\",\"width\":1024,\"height\":1024},{\"@type\":\"BreadcrumbList\",\"@id\":\"https:\/\/amazon.azdigi.shop\/index.php\/product\/dam-lua-hong-pastel-phoi-ren-ve-dep-nu-tinh-va-sang-trong-cho-moi-buoi-tiec\/#breadcrumb\",\"itemListElement\":[{\"@type\":\"ListItem\",\"position\":1,\"name\":\"Home\",\"item\":\"https:\/\/amazon.azdigi.shop\/\"},{\"@type\":\"ListItem\",\"position\":2,\"name\":\"Shop\",\"item\":\"https:\/\/amazon.azdigi.shop\/index.php\/shop\/\"},{\"@type\":\"ListItem\",\"position\":3,\"name\":\"\u0110\u1ea7m L\u1ee5a H\u1ed3ng Pastel Ph\u1ed1i Ren \u2013 V\u1ebb \u0110\u1eb9p N\u1eef T\u00ednh V\u00e0 Sang Tr\u1ecdng Cho M\u1ecdi Bu\u1ed5i Ti\u1ec7c\"}]},{\"@type\":\"WebSite\",\"@id\":\"https:\/\/amazon.azdigi.shop\/#website\",\"url\":\"https:\/\/amazon.azdigi.shop\/\",\"name\":\"lunacloset\",\"description\":\"\",\"potentialAction\":[{\"@type\":\"SearchAction\",\"target\":{\"@type\":\"EntryPoint\",\"urlTemplate\":\"https:\/\/amazon.azdigi.shop\/?s={search_term_string}\"},\"query-input\":{\"@type\":\"PropertyValueSpecification\",\"valueRequired\":true,\"valueName\":\"search_term_string\"}}],\"inLanguage\":\"en-US\"}]}<\/script>\n<!-- \/ Yoast SEO plugin. -->","yoast_head_json":{"title":"\u0110\u1ea7m L\u1ee5a H\u1ed3ng Pastel Ph\u1ed1i Ren \u2013 V\u1ebb \u0110\u1eb9p N\u1eef T\u00ednh V\u00e0 Sang Tr\u1ecdng Cho M\u1ecdi Bu\u1ed5i Ti\u1ec7c - lunacloset","description":"Mua ngay \u0110\u1ea7m l\u1ee5a h\u1ed3ng pastel ph\u1ed1i ren cao c\u1ea5p t\u1ea1i Luna Closet. Thi\u1ebft k\u1ebf thanh l\u1ecbch, ch\u1ea5t li\u1ec7u l\u1ee5a satin m\u1ecbn m\u00e0ng, t\u00f4n d\u00e1ng cho m\u1ecdi bu\u1ed5i ti\u1ec7c. Freeship to\u00e0n qu\u1ed1c!","robots":{"index":"index","follow":"follow","max-snippet":"max-snippet:-1","max-image-preview":"max-image-preview:large","max-video-preview":"max-video-preview:-1"},"canonical":"https:\/\/amazon.azdigi.shop\/index.php\/product\/dam-lua-hong-pastel-phoi-ren-ve-dep-nu-tinh-va-sang-trong-cho-moi-buoi-tiec\/","og_locale":"en_US","og_type":"article","og_title":"\u0110\u1ea7m L\u1ee5a H\u1ed3ng Pastel Ph\u1ed1i Ren \u2013 V\u1ebb \u0110\u1eb9p N\u1eef T\u00ednh V\u00e0 Sang Tr\u1ecdng Cho M\u1ecdi Bu\u1ed5i Ti\u1ec7c - lunacloset","og_description":"Mua ngay \u0110\u1ea7m l\u1ee5a h\u1ed3ng pastel ph\u1ed1i ren cao c\u1ea5p t\u1ea1i Luna Closet. Thi\u1ebft k\u1ebf thanh l\u1ecbch, ch\u1ea5t li\u1ec7u l\u1ee5a satin m\u1ecbn m\u00e0ng, t\u00f4n d\u00e1ng cho m\u1ecdi bu\u1ed5i ti\u1ec7c. Freeship to\u00e0n qu\u1ed1c!","og_url":"https:\/\/amazon.azdigi.shop\/index.php\/product\/dam-lua-hong-pastel-phoi-ren-ve-dep-nu-tinh-va-sang-trong-cho-moi-buoi-tiec\/","og_site_name":"lunacloset","article_modified_time":"2026-04-18T06:48:00+00:00","og_image":[{"width":1024,"height":1024,"url":"https:\/\/amazon.azdigi.shop\/wp-content\/uploads\/2026\/04\/darling-4.webp?wsr","type":"image\/webp"}],"twitter_card":"summary_large_image","twitter_misc":{"Est. reading time":"3 minutes"},"schema":{"@context":"https:\/\/schema.org","@graph":[{"@type":"WebPage","@id":"https:\/\/amazon.azdigi.shop\/index.php\/product\/dam-lua-hong-pastel-phoi-ren-ve-dep-nu-tinh-va-sang-trong-cho-moi-buoi-tiec\/","url":"https:\/\/amazon.azdigi.shop\/index.php\/product\/dam-lua-hong-pastel-phoi-ren-ve-dep-nu-tinh-va-sang-trong-cho-moi-buoi-tiec\/","name":"\u0110\u1ea7m L\u1ee5a H\u1ed3ng Pastel Ph\u1ed1i Ren \u2013 V\u1ebb \u0110\u1eb9p N\u1eef T\u00ednh V\u00e0 Sang Tr\u1ecdng Cho M\u1ecdi Bu\u1ed5i Ti\u1ec7c - lunacloset","isPartOf":{"@id":"https:\/\/amazon.azdigi.shop\/#website"},"primaryImageOfPage":{"@id":"https:\/\/amazon.azdigi.shop\/index.php\/product\/dam-lua-hong-pastel-phoi-ren-ve-dep-nu-tinh-va-sang-trong-cho-moi-buoi-tiec\/#primaryimage"},"image":{"@id":"https:\/\/amazon.azdigi.shop\/index.php\/product\/dam-lua-hong-pastel-phoi-ren-ve-dep-nu-tinh-va-sang-trong-cho-moi-buoi-tiec\/#primaryimage"},"thumbnailUrl":"https:\/\/amazon.azdigi.shop\/wp-content\/uploads\/2026\/04\/darling-4.webp?wsr","datePublished":"2026-04-12T18:46:35+00:00","dateModified":"2026-04-18T06:48:00+00:00","description":"Mua ngay \u0110\u1ea7m l\u1ee5a h\u1ed3ng pastel ph\u1ed1i ren cao c\u1ea5p t\u1ea1i Luna Closet. Thi\u1ebft k\u1ebf thanh l\u1ecbch, ch\u1ea5t li\u1ec7u l\u1ee5a satin m\u1ecbn m\u00e0ng, t\u00f4n d\u00e1ng cho m\u1ecdi bu\u1ed5i ti\u1ec7c. Freeship to\u00e0n qu\u1ed1c!","breadcrumb":{"@id":"https:\/\/amazon.azdigi.shop\/index.php\/product\/dam-lua-hong-pastel-phoi-ren-ve-dep-nu-tinh-va-sang-trong-cho-moi-buoi-tiec\/#breadcrumb"},"inLanguage":"en-US","potentialAction":[{"@type":"ReadAction","target":["https:\/\/amazon.azdigi.shop\/index.php\/product\/dam-lua-hong-pastel-phoi-ren-ve-dep-nu-tinh-va-sang-trong-cho-moi-buoi-tiec\/"]}]},{"@type":"ImageObject","inLanguage":"en-US","@id":"https:\/\/amazon.azdigi.shop\/index.php\/product\/dam-lua-hong-pastel-phoi-ren-ve-dep-nu-tinh-va-sang-trong-cho-moi-buoi-tiec\/#primaryimage","url":"https:\/\/amazon.azdigi.shop\/wp-content\/uploads\/2026\/04\/darling-4.webp?wsr","contentUrl":"https:\/\/amazon.azdigi.shop\/wp-content\/uploads\/2026\/04\/darling-4.webp?wsr","width":1024,"height":1024},{"@type":"BreadcrumbList","@id":"https:\/\/amazon.azdigi.shop\/index.php\/product\/dam-lua-hong-pastel-phoi-ren-ve-dep-nu-tinh-va-sang-trong-cho-moi-buoi-tiec\/#breadcrumb","itemListElement":[{"@type":"ListItem","position":1,"name":"Home","item":"https:\/\/amazon.azdigi.shop\/"},{"@type":"ListItem","position":2,"name":"Shop","item":"https:\/\/amazon.azdigi.shop\/index.php\/shop\/"},{"@type":"ListItem","position":3,"name":"\u0110\u1ea7m L\u1ee5a H\u1ed3ng Pastel Ph\u1ed1i Ren \u2013 V\u1ebb \u0110\u1eb9p N\u1eef T\u00ednh V\u00e0 Sang Tr\u1ecdng Cho M\u1ecdi Bu\u1ed5i Ti\u1ec7c"}]},{"@type":"WebSite","@id":"https:\/\/amazon.azdigi.shop\/#website","url":"https:\/\/amazon.azdigi.shop\/","name":"lunacloset","description":"","potentialAction":[{"@type":"SearchAction","target":{"@type":"EntryPoint","urlTemplate":"https:\/\/amazon.azdigi.shop\/?s={search_term_string}"},"query-input":{"@type":"PropertyValueSpecification","valueRequired":true,"valueName":"search_term_string"}}],"inLanguage":"en-US"}]}},"_links":{"self":[{"href":"https:\/\/amazon.azdigi.shop\/index.php\/wp-json\/wp\/v2\/product\/462","targetHints":{"allow":["GET"]}}],"collection":[{"href":"https:\/\/amazon.azdigi.shop\/index.php\/wp-json\/wp\/v2\/product"}],"about":[{"href":"https:\/\/amazon.azdigi.shop\/index.php\/wp-json\/wp\/v2\/types\/product"}],"replies":[{"embeddable":true,"href":"https:\/\/amazon.azdigi.shop\/index.php\/wp-json\/wp\/v2\/comments?post=462"}],"wp:featuredmedia":[{"embeddable":true,"href":"https:\/\/amazon.azdigi.shop\/index.php\/wp-json\/wp\/v2\/media\/403"}],"wp:attachment":[{"href":"https:\/\/amazon.azdigi.shop\/index.php\/wp-json\/wp\/v2\/media?parent=462"}],"wp:term":[{"taxonomy":"product_brand","embeddable":true,"href":"https:\/\/amazon.azdigi.shop\/index.php\/wp-json\/wp\/v2\/product_brand?post=462"},{"taxonomy":"product_cat","embeddable":true,"href":"https:\/\/amazon.azdigi.shop\/index.php\/wp-json\/wp\/v2\/product_cat?post=462"},{"taxonomy":"product_tag","embeddable":true,"href":"https:\/\/amazon.azdigi.shop\/index.php\/wp-json\/wp\/v2\/product_tag?post=462"}],"curies":[{"name":"wp","href":"https:\/\/api.w.org\/{rel}","templated":true}]}}