{"id":158,"date":"2026-03-21T18:53:16","date_gmt":"2026-03-21T18:53:16","guid":{"rendered":"https:\/\/amazon.azdigi.shop\/?post_type=product&#038;p=158"},"modified":"2026-04-18T09:03:15","modified_gmt":"2026-04-18T09:03:15","slug":"ao-luoi-khoet-vai-tay-nhieu-lop-luna-closet","status":"publish","type":"product","link":"https:\/\/amazon.azdigi.shop\/index.php\/product\/ao-luoi-khoet-vai-tay-nhieu-lop-luna-closet\/","title":{"rendered":"\u00c1O L\u01af\u1edaI KHO\u00c9T VAI TAY NHI\u1ec0U L\u1edaP LUNA CLOSET"},"content":{"rendered":"<h2><strong>PRODUCT DETAILS:\u00a0<\/strong>\u00c1o l\u01b0\u1edbi kho\u00e9t tay ruffle nhi\u1ec1u t\u1ea7ng c\u00e1ch \u0111i\u1ec7u<\/h2>\n<p>Ch\u00e0o \u0111\u00f3n xu h\u01b0\u1edbng th\u1eddi trang m\u1edbi nh\u1ea5t v\u1edbi m\u1eabu\u00a0<strong class=\"Yjhzub\" data-sfc-root=\"c\" data-sfc-cb=\"\" data-complete=\"true\" data-processed=\"true\">\u00e1o l\u01b0\u1edbi kho\u00e9t tay ruffle<\/strong>\u00a0nhi\u1ec1u t\u1ea7ng c\u1ef1c k\u1ef3 cu\u1ed1n h\u00fat. N\u1ebfu n\u00e0ng \u0111ang t\u00ecm ki\u1ebfm m\u1ed9t thi\u1ebft k\u1ebf v\u1eeba mang n\u00e9t ph\u00f3ng kho\u00e1ng, v\u1eeba pha ch\u00fat \u0111i\u1ec7u \u0111\u00e0 th\u00ec \u0111\u00e2y ch\u00ednh l\u00e0 l\u1ef1a ch\u1ecdn kh\u00f4ng th\u1ec3 b\u1ecf qua t\u1ea1i Luna Closet. V\u1edbi ch\u1ea5t li\u1ec7u v\u1ea3i l\u01b0\u1edbi cao c\u1ea5p, item n\u00e0y h\u1ee9a h\u1eb9n s\u1ebd l\u00e0m b\u1eebng s\u00e1ng m\u1ecdi khung h\u00ecnh &#8220;s\u1ed1ng \u1ea3o&#8221; c\u1ee7a b\u1ea1n.<\/p>\n<div class=\"AdPoic\" role=\"heading\" aria-level=\"3\" data-animation-nesting=\"\" data-sfc-cp=\"\" data-sfc-root=\"c\" data-sfc-cb=\"\" data-complete=\"true\" data-processed=\"true\" data-sae=\"\">1. Thi\u1ebft K\u1ebf Ruffle Nhi\u1ec1u T\u1ea7ng C\u00e1ch \u0110i\u1ec7u \u0110\u1ed9c \u0110\u00e1o<\/div>\n<div class=\"Y3BBE\" data-sfc-cp=\"\" data-sfc-root=\"c\" data-sfc-cb=\"\" data-hveid=\"CAEIBBAA\" data-complete=\"true\" data-processed=\"true\">\u0110i\u1ec3m \u0111\u1eaft gi\u00e1 nh\u1ea5t c\u1ee7a chi\u1ebfc\u00a0<strong class=\"Yjhzub\" data-sfc-root=\"c\" data-sfc-cb=\"\" data-complete=\"true\" data-processed=\"true\">\u00e1o l\u01b0\u1edbi kho\u00e9t tay ruffle<\/strong>\u00a0ch\u00ednh l\u00e0 nh\u1eefng l\u1edbp b\u00e8o nh\u00fan (ruffle) \u0111\u01b0\u1ee3c x\u1ebfp t\u1ea7ng t\u1ec9 m\u1ec9. Chi ti\u1ebft kho\u00e9t tay kh\u00e9o l\u00e9o gi\u00fap khoe tr\u1ecdn b\u1edd vai thanh m\u1ea3nh nh\u01b0ng v\u1eabn gi\u1eef \u0111\u01b0\u1ee3c n\u00e9t k\u00edn \u0111\u00e1o, sang tr\u1ecdng. Gam m\u00e0u Beige trung t\u00ednh gi\u00fap n\u00e0ng d\u1ec5 d\u00e0ng ph\u1ed1i c\u00f9ng ch\u00e2n v\u00e1y denim ho\u1eb7c qu\u1ea7n shorts \u0111\u1ec3 t\u1ea1o n\u00ean set \u0111\u1ed3 ho\u00e0n h\u1ea3o.<\/div>\n<div class=\"Fsg96\" data-sfc-cp=\"\" data-sfc-root=\"c\" data-sfc-cb=\"\" data-complete=\"true\" data-processed=\"true\"><\/div>\n<div class=\"AdPoic\" role=\"heading\" aria-level=\"3\" data-animation-nesting=\"\" data-sfc-cp=\"\" data-sfc-root=\"c\" data-sfc-cb=\"\" data-complete=\"true\" data-processed=\"true\" data-sae=\"\">2. Th\u00f4ng S\u1ed1 S\u1ea3n Ph\u1ea9m Chi Ti\u1ebft<\/div>\n<div class=\"Y3BBE\" data-sfc-cp=\"\" data-sfc-root=\"c\" data-sfc-cb=\"\" data-hveid=\"CAEIBRAA\" data-complete=\"true\" data-processed=\"true\">\u0110\u1ec3 n\u00e0ng d\u1ec5 d\u00e0ng ch\u1ecdn l\u1ef1a, d\u01b0\u1edbi \u0111\u00e2y l\u00e0 th\u00f4ng s\u1ed1 chi ti\u1ebft :<\/div>\n<ul class=\"KsbFXc U6u95\" data-sfc-root=\"c\" data-sfc-cb=\"\" data-complete=\"true\" data-processed=\"true\">\n<li class=\"dF3vjf\" data-sfc-root=\"c\" data-sfc-cb=\"\" data-hveid=\"CAEIBhAA\" data-complete=\"true\" data-sae=\"\"><span class=\"T286Pc\" data-sfc-cp=\"\" data-sfc-root=\"c\" data-sfc-cb=\"\" data-complete=\"true\"><strong class=\"Yjhzub\" data-sfc-root=\"c\" data-sfc-cb=\"\" data-complete=\"true\">Ch\u1ea5t li\u1ec7u:<\/strong>\u00a0V\u1ea3i l\u01b0\u1edbi m\u1ec1m m\u1ea1i, c\u00f3 \u0111\u1ed9 r\u1ee7 t\u1ef1 nhi\u00ean.<\/span><\/li>\n<li class=\"dF3vjf\" data-sfc-root=\"c\" data-sfc-cb=\"\" data-hveid=\"CAEIBhAB\" data-complete=\"true\" data-sae=\"\"><span class=\"T286Pc\" data-sfc-cp=\"\" data-sfc-root=\"c\" data-sfc-cb=\"\" data-complete=\"true\" aria-owns=\"action-menu-parent-container\"><strong class=\"Yjhzub\" data-sfc-root=\"c\" data-sfc-cb=\"\" data-complete=\"true\">M\u00e0u s\u1eafc:<\/strong>\u00a0Beige (Kem \u0111\u1eadm) \u2013 t\u00f4n da v\u00e0 c\u1ef1c k\u1ef3 sang ch\u1ea3nh.<\/span><\/li>\n<li data-sfc-root=\"c\" data-sfc-cb=\"\" data-hveid=\"CAEIBhAB\" data-complete=\"true\" data-sae=\"\"><\/li>\n<\/ul>\n<p><strong>TH\u00d4NG S\u1ed0 S\u1ea2N PH\u1ea8m<\/strong><\/p>\n<ul class=\"KsbFXc U6u95\" data-sfc-root=\"c\" data-sfc-cb=\"\" data-complete=\"true\" data-processed=\"true\">\n<li class=\"dF3vjf\" data-sfc-root=\"c\" data-sfc-cb=\"\" data-hveid=\"CAEIBhAC\" data-complete=\"true\" data-sae=\"\"><span class=\"T286Pc\" data-sfc-cp=\"\" data-sfc-root=\"c\" data-sfc-cb=\"\" data-complete=\"true\"><strong class=\"Yjhzub\" data-sfc-root=\"c\" data-sfc-cb=\"\" data-complete=\"true\">B\u1ea3ng Size:<\/strong><\/span>\n<ul class=\"KsbFXc U6u95\" data-sfc-root=\"c\" data-sfc-cb=\"\" data-complete=\"true\">\n<li class=\"dF3vjf\" data-sfc-root=\"c\" data-sfc-cb=\"\" data-hveid=\"CAEIBhAD\" data-complete=\"true\" data-sae=\"\"><span class=\"T286Pc\" data-sfc-cp=\"\" data-sfc-root=\"c\" data-sfc-cb=\"\" data-complete=\"true\"><strong class=\"Yjhzub\" data-sfc-root=\"c\" data-sfc-cb=\"\" data-complete=\"true\">Size S:<\/strong>\u00a0Ng\u1ef1c 82-84, Eo 66-68, M\u00f4ng 88-90.<\/span><\/li>\n<li class=\"dF3vjf\" data-sfc-root=\"c\" data-sfc-cb=\"\" data-hveid=\"CAEIBhAE\" data-complete=\"true\" data-sae=\"\"><span class=\"T286Pc\" data-sfc-cp=\"\" data-sfc-root=\"c\" data-sfc-cb=\"\" data-complete=\"true\"><strong class=\"Yjhzub\" data-sfc-root=\"c\" data-sfc-cb=\"\" data-complete=\"true\">Size M:<\/strong>\u00a0Ng\u1ef1c 86-88, Eo 70-72, M\u00f4ng 90-92.<\/span><\/li>\n<li class=\"dF3vjf\" data-sfc-root=\"c\" data-sfc-cb=\"\" data-hveid=\"CAEIBhAF\" data-complete=\"true\" data-sae=\"\"><span class=\"T286Pc\" data-sfc-cp=\"\" data-sfc-root=\"c\" data-sfc-cb=\"\" data-complete=\"true\"><strong class=\"Yjhzub\" data-sfc-root=\"c\" data-sfc-cb=\"\" data-complete=\"true\">Size L:<\/strong>\u00a0Ng\u1ef1c 90-92, Eo 74-76, M\u00f4ng 94-96.<\/span><\/li>\n<\/ul>\n<\/li>\n<\/ul>\n<div class=\"Fsg96\" data-sfc-cp=\"\" data-sfc-root=\"c\" data-sfc-cb=\"\" data-complete=\"true\" data-processed=\"true\"><\/div>\n<div class=\"AdPoic\" role=\"heading\" aria-level=\"3\" data-animation-nesting=\"\" data-sfc-cp=\"\" data-sfc-root=\"c\" data-sfc-cb=\"\" data-complete=\"true\" data-processed=\"true\" data-sae=\"\">3. H\u01b0\u1edbng D\u1eabn Ph\u1ed1i \u0110\u1ed3 Chu\u1ea9n Fashionista<\/div>\n<div class=\"Y3BBE\" data-sfc-cp=\"\" data-sfc-root=\"c\" data-sfc-cb=\"\" data-hveid=\"CAEIBxAA\" data-complete=\"true\" data-processed=\"true\">V\u1edbi chi\u1ebfc\u00a0<strong class=\"Yjhzub\" data-sfc-root=\"c\" data-sfc-cb=\"\" data-complete=\"true\" data-processed=\"true\">\u00e1o l\u01b0\u1edbi kho\u00e9t tay ruffle<\/strong>\u00a0n\u00e0y, b\u1ea1n c\u00f3 th\u1ec3 bi\u1ebfn h\u00f3a \u0111a d\u1ea1ng phong c\u00e1ch:<\/div>\n<ul class=\"KsbFXc U6u95\" data-sfc-root=\"c\" data-sfc-cb=\"\" data-complete=\"true\" data-processed=\"true\">\n<li class=\"dF3vjf\" data-sfc-root=\"c\" data-sfc-cb=\"\" data-hveid=\"CAEICBAA\" data-complete=\"true\" data-sae=\"\"><span class=\"T286Pc\" data-sfc-cp=\"\" data-sfc-root=\"c\" data-sfc-cb=\"\" data-complete=\"true\"><strong class=\"Yjhzub\" data-sfc-root=\"c\" data-sfc-cb=\"\" data-complete=\"true\">Phong c\u00e1ch ti\u1ec3u th\u01b0:<\/strong>\u00a0K\u1ebft h\u1ee3p c\u00f9ng ch\u00e2n v\u00e1y x\u00f2e v\u00e0 m\u1ed9t chi\u1ebfc t\u00fai nh\u1ecf \u0111\u00ednh ng\u1ecdc trai.<\/span><\/li>\n<li class=\"dF3vjf\" data-sfc-root=\"c\" data-sfc-cb=\"\" data-hveid=\"CAEICBAB\" data-complete=\"true\" data-sae=\"\"><span class=\"T286Pc\" data-sfc-cp=\"\" data-sfc-root=\"c\" data-sfc-cb=\"\" data-complete=\"true\" aria-owns=\"action-menu-parent-container\"><strong class=\"Yjhzub\" data-sfc-root=\"c\" data-sfc-cb=\"\" data-complete=\"true\">Phong c\u00e1ch hi\u1ec7n \u0111\u1ea1i:<\/strong>\u00a0Ph\u1ed1i c\u00f9ng ch\u00e2n v\u00e1y denim v\u00e0 boots c\u1ed5 cao (nh\u01b0 trong \u1ea3nh m\u1eabu).<\/span><\/li>\n<\/ul>\n<p><strong>M<\/strong><\/p>\n<p><strong>Ch\u1ea5t li\u1ec7u:<\/strong>\u00a0V\u1ea3i l\u01b0\u1edbi<\/p>\n<p><strong>M\u00e0u s\u1eafc:\u00a0<\/strong>Beige<\/p>\n<p><strong>Size:<\/strong>\u00a0Size S: Ng\u1ef1c 82-84, Eo 66-68, M\u00f4ng 88-90<\/p>\n<p>Size M: Ng\u1ef1c 86-88, Eo 70-72, M\u00f4ng 90-92<\/p>\n<p>Size L:\u00a0Ng\u1ef1c 90-92, Eo 74-76, M\u00f4ng 94-96<\/p>\n<p><strong>KH\u00c1CH H\u00c0NG L\u01afU \u00dd:<\/strong><\/p>\n<h2>\u00c1o l\u01b0\u1edbi kho\u00e9t tay ruffle<\/h2>\n<p>&#8211; B\u1ea3ng size chart ch\u1ec9 mang t\u00ednh ch\u1ea5t tham kh\u1ea3o, t\u00f9y thu\u1ed9c v\u00e0o s\u1ed1 \u0111o c\u01a1 th\u1ec3 v\u00e0 ch\u1ea5t li\u1ec7u v\u1ea3i kh\u00e1c nhau s\u1ebd c\u00f3 s\u1ef1 ch\u00eanh l\u1ec7ch nh\u1ea5t \u0111\u1ecbnh.<\/p>\n<p>&#8211; M\u00e0u s\u1eafc v\u1ea3i c\u1ee7a s\u1ea3n ph\u1ea9m c\u00f3 th\u1ec3 s\u1ebd ch\u00eanh l\u1ec7ch th\u1ef1c t\u1ebf m\u1ed9t ph\u1ea7n nh\u1ecf, do \u1ea3nh h\u01b0\u1edfng v\u1ec1 \u0111\u1ed9 l\u1ec7ch m\u00e0u c\u1ee7a \u00e1nh s\u00e1ng nh\u01b0ng v\u1eabn \u0111\u1ea3m b\u1ea3o ch\u1ea5t l\u01b0\u1ee3ng.<\/p>\n<p>*** Vui l\u00f2ng inbox LUNA CLOSET \u0111\u1ec3 \u0111\u01b0\u1ee3c t\u01b0 v\u1ea5n ch\u00ednh x\u00e1c h\u01a1n.<\/p>\n<p><a href=\"https:\/\/www.google.com\/aclk?sa=L&amp;ai=DChsSEwiT_7vvle2TAxWXqGYCHcmqANcYACICCAEQChoCc20&amp;co=1&amp;ase=2&amp;gclid=Cj0KCQjwy_fOBhC6ARIsAHKFB7-gfYchKYtECemOtUUgmI2Ozf6LxamX_yW3zToxpoYBlFGVjgTfgc8aAi7NEALw_wcB&amp;cid=CAAS3gHkaMxNU1XvjpVik7pXwO0eAc6o5RQCZj7r4e2D6YNk0qsRFCAPWu07Eoa4FdaVF3HExY4AwbgZBUHUg7vkEvk5FEu6ThPciU7NYrDOB0oPmTahTb81v2gojzI_Ac0dZKg82twaZCFRK5Gnmz27WBfbXJA8gbVHcUpOZSVcyPO1NwZ2jcHaTBCH7YOSE9X2BwUEQqmX7XZ3ardnG0fwNRTW3vuPnPuFsVw5q_2VgmTXaAPl8T6eMGkfK8yFC_tdfyAKVA0oWA5aA4obr1znibrrYAnq0PqYzA_9smGUKqc&amp;cce=2&amp;category=acrcp_v1_32&amp;sig=AOD64_0tLWvvGiCOrsowR-s2eRzk-DgPUA&amp;ctype=5&amp;q=&amp;nis=4&amp;ved=2ahUKEwi50LTvle2TAxVt2DgGHfbnKxsQ5bgDKAB6BAgHEBs&amp;adurl=\">https:\/\/www.google.com\/aclk?sa=L&amp;ai=DChsSEwiT_7vvle2TAxWXqGYCHcmqANcYACICCAEQChoCc20&amp;co=1&amp;ase=2&amp;gclid=Cj0KCQjwy_fOBhC6ARIsAHKFB7-gfYchKYtECemOtUUgmI2Ozf6LxamX_yW3zToxpoYBlFGVjgTfgc8aAi7NEALw_wcB&amp;cid=CAAS3gHkaMxNU1XvjpVik7pXwO0eAc6o5RQCZj7r4e2D6YNk0qsRFCAPWu07Eoa4FdaVF3HExY4AwbgZBUHUg7vkEvk5FEu6ThPciU7NYrDOB0oPmTahTb81v2gojzI_Ac0dZKg82twaZCFRK5Gnmz27WBfbXJA8gbVHcUpOZSVcyPO1NwZ2jcHaTBCH7YOSE9X2BwUEQqmX7XZ3ardnG0fwNRTW3vuPnPuFsVw5q_2VgmTXaAPl8T6eMGkfK8yFC_tdfyAKVA0oWA5aA4obr1znibrrYAnq0PqYzA_9smGUKqc&amp;cce=2&amp;category=acrcp_v1_32&amp;sig=AOD64_0tLWvvGiCOrsowR-s2eRzk-DgPUA&amp;ctype=5&amp;q=&amp;nis=4&amp;ved=2ahUKEwi50LTvle2TAxVt2DgGHfbnKxsQ5bgDKAB6BAgHEBs&amp;adurl=<\/a><\/p>\n<p><img loading=\"lazy\" decoding=\"async\" class=\"alignnone wp-image-164 size-full\" src=\"https:\/\/amazon.azdigi.shop\/wp-content\/uploads\/2026\/03\/sp17-a6.jpg\" alt=\"\u00e1o l\u01b0\u1edbi kho\u00e9t tay ruffle nhi\u1ec1u t\u1ea7ng m\u00e0u beige.\" width=\"1080\" height=\"1350\" srcset=\"https:\/\/amazon.azdigi.shop\/wp-content\/uploads\/2026\/03\/sp17-a6.jpg 1080w, https:\/\/amazon.azdigi.shop\/wp-content\/uploads\/2026\/03\/sp17-a6-240x300.jpg 240w, https:\/\/amazon.azdigi.shop\/wp-content\/uploads\/2026\/03\/sp17-a6-819x1024.jpg 819w, https:\/\/amazon.azdigi.shop\/wp-content\/uploads\/2026\/03\/sp17-a6-768x960.jpg 768w, https:\/\/amazon.azdigi.shop\/wp-content\/uploads\/2026\/03\/sp17-a6-600x750.jpg 600w\" sizes=\"auto, (max-width: 1080px) 100vw, 1080px\" \/><\/p>\n","protected":false},"excerpt":{"rendered":"<p>PRODUCT DETAILS:\u00a0\u00c1o l\u01b0\u1edbi kho\u00e9t tay ruffle nhi\u1ec1u t\u1ea7ng c\u00e1ch \u0111i\u1ec7u Ch\u00e0o \u0111\u00f3n xu h\u01b0\u1edbng th\u1eddi trang m\u1edbi nh\u1ea5t v\u1edbi m\u1eabu\u00a0\u00e1o l\u01b0\u1edbi kho\u00e9t tay ruffle\u00a0nhi\u1ec1u t\u1ea7ng c\u1ef1c k\u1ef3 cu\u1ed1n h\u00fat. N\u1ebfu n\u00e0ng \u0111ang t\u00ecm ki\u1ebfm m\u1ed9t thi\u1ebft k\u1ebf v\u1eeba mang n\u00e9t ph\u00f3ng kho\u00e1ng, v\u1eeba pha ch\u00fat \u0111i\u1ec7u \u0111\u00e0 th\u00ec \u0111\u00e2y ch\u00ednh l\u00e0 l\u1ef1a ch\u1ecdn kh\u00f4ng th\u1ec3 [&#8230;]\n","protected":false},"featured_media":162,"comment_status":"open","ping_status":"closed","template":"","meta":[],"product_brand":[],"product_cat":[39,17,41,42,40,30,32,34],"product_tag":[],"class_list":{"0":"post-158","1":"product","2":"type-product","3":"status-publish","4":"has-post-thumbnail","6":"product_cat-a-day-with-labby","7":"product_cat-ao","8":"product_cat-ao-kieu","9":"product_cat-ao-so-mi","10":"product_cat-breath-of-summer","11":"product_cat-coastal-muse","12":"product_cat-dream-closet","13":"product_cat-luminious-spring","15":"first","16":"instock","17":"sale","18":"shipping-taxable","19":"purchasable","20":"product-type-variable"},"yoast_head":"<!-- This site is optimized with the Yoast SEO plugin v27.2 - https:\/\/yoast.com\/product\/yoast-seo-wordpress\/ -->\n<title>\u00c1O L\u01af\u1edaI KHO\u00c9T VAI TAY NHI\u1ec0U L\u1edaP LUNA CLOSET - lunacloset<\/title>\n<meta name=\"description\" content=\"S\u1edf h\u1eefu ngay m\u1eabu \u00e1o l\u01b0\u1edbi kho\u00e9t tay ruffle nhi\u1ec1u t\u1ea7ng c\u00e1ch \u0111i\u1ec7u, ch\u1ea5t li\u1ec7u v\u1ea3i l\u01b0\u1edbi m\u1ec1m m\u1ea1i m\u00e0u Beige sang tr\u1ecdng. T\u00f4n d\u00e1ng, tr\u1ebb trung, h\u00e0ng m\u1edbi v\u1ec1 t\u1ea1i Luna Closet!\" \/>\n<meta name=\"robots\" content=\"index, follow, max-snippet:-1, max-image-preview:large, max-video-preview:-1\" \/>\n<link rel=\"canonical\" href=\"https:\/\/amazon.azdigi.shop\/index.php\/product\/ao-luoi-khoet-vai-tay-nhieu-lop-luna-closet\/\" \/>\n<meta property=\"og:locale\" content=\"en_US\" \/>\n<meta property=\"og:type\" content=\"article\" \/>\n<meta property=\"og:title\" content=\"\u00c1O L\u01af\u1edaI KHO\u00c9T VAI TAY NHI\u1ec0U L\u1edaP LUNA CLOSET - lunacloset\" \/>\n<meta property=\"og:description\" content=\"S\u1edf h\u1eefu ngay m\u1eabu \u00e1o l\u01b0\u1edbi kho\u00e9t tay ruffle nhi\u1ec1u t\u1ea7ng c\u00e1ch \u0111i\u1ec7u, ch\u1ea5t li\u1ec7u v\u1ea3i l\u01b0\u1edbi m\u1ec1m m\u1ea1i m\u00e0u Beige sang tr\u1ecdng. T\u00f4n d\u00e1ng, tr\u1ebb trung, h\u00e0ng m\u1edbi v\u1ec1 t\u1ea1i Luna Closet!\" \/>\n<meta property=\"og:url\" content=\"https:\/\/amazon.azdigi.shop\/index.php\/product\/ao-luoi-khoet-vai-tay-nhieu-lop-luna-closet\/\" \/>\n<meta property=\"og:site_name\" content=\"lunacloset\" \/>\n<meta property=\"article:modified_time\" content=\"2026-04-18T09:03:15+00:00\" \/>\n<meta property=\"og:image\" content=\"https:\/\/amazon.azdigi.shop\/wp-content\/uploads\/2026\/03\/sp17-a4.jpg?wsr\" \/>\n\t<meta property=\"og:image:width\" content=\"1080\" \/>\n\t<meta property=\"og:image:height\" content=\"1350\" \/>\n\t<meta property=\"og:image:type\" content=\"image\/jpeg\" \/>\n<meta name=\"twitter:card\" content=\"summary_large_image\" \/>\n<meta name=\"twitter:label1\" content=\"Est. reading time\" \/>\n\t<meta name=\"twitter:data1\" content=\"3 minutes\" \/>\n<script type=\"application\/ld+json\" class=\"yoast-schema-graph\">{\"@context\":\"https:\/\/schema.org\",\"@graph\":[{\"@type\":\"WebPage\",\"@id\":\"https:\/\/amazon.azdigi.shop\/index.php\/product\/ao-luoi-khoet-vai-tay-nhieu-lop-luna-closet\/\",\"url\":\"https:\/\/amazon.azdigi.shop\/index.php\/product\/ao-luoi-khoet-vai-tay-nhieu-lop-luna-closet\/\",\"name\":\"\u00c1O L\u01af\u1edaI KHO\u00c9T VAI TAY NHI\u1ec0U L\u1edaP LUNA CLOSET - lunacloset\",\"isPartOf\":{\"@id\":\"https:\/\/amazon.azdigi.shop\/#website\"},\"primaryImageOfPage\":{\"@id\":\"https:\/\/amazon.azdigi.shop\/index.php\/product\/ao-luoi-khoet-vai-tay-nhieu-lop-luna-closet\/#primaryimage\"},\"image\":{\"@id\":\"https:\/\/amazon.azdigi.shop\/index.php\/product\/ao-luoi-khoet-vai-tay-nhieu-lop-luna-closet\/#primaryimage\"},\"thumbnailUrl\":\"https:\/\/amazon.azdigi.shop\/wp-content\/uploads\/2026\/03\/sp17-a4.jpg?wsr\",\"datePublished\":\"2026-03-21T18:53:16+00:00\",\"dateModified\":\"2026-04-18T09:03:15+00:00\",\"description\":\"S\u1edf h\u1eefu ngay m\u1eabu \u00e1o l\u01b0\u1edbi kho\u00e9t tay ruffle nhi\u1ec1u t\u1ea7ng c\u00e1ch \u0111i\u1ec7u, ch\u1ea5t li\u1ec7u v\u1ea3i l\u01b0\u1edbi m\u1ec1m m\u1ea1i m\u00e0u Beige sang tr\u1ecdng. T\u00f4n d\u00e1ng, tr\u1ebb trung, h\u00e0ng m\u1edbi v\u1ec1 t\u1ea1i Luna Closet!\",\"breadcrumb\":{\"@id\":\"https:\/\/amazon.azdigi.shop\/index.php\/product\/ao-luoi-khoet-vai-tay-nhieu-lop-luna-closet\/#breadcrumb\"},\"inLanguage\":\"en-US\",\"potentialAction\":[{\"@type\":\"ReadAction\",\"target\":[\"https:\/\/amazon.azdigi.shop\/index.php\/product\/ao-luoi-khoet-vai-tay-nhieu-lop-luna-closet\/\"]}]},{\"@type\":\"ImageObject\",\"inLanguage\":\"en-US\",\"@id\":\"https:\/\/amazon.azdigi.shop\/index.php\/product\/ao-luoi-khoet-vai-tay-nhieu-lop-luna-closet\/#primaryimage\",\"url\":\"https:\/\/amazon.azdigi.shop\/wp-content\/uploads\/2026\/03\/sp17-a4.jpg?wsr\",\"contentUrl\":\"https:\/\/amazon.azdigi.shop\/wp-content\/uploads\/2026\/03\/sp17-a4.jpg?wsr\",\"width\":1080,\"height\":1350},{\"@type\":\"BreadcrumbList\",\"@id\":\"https:\/\/amazon.azdigi.shop\/index.php\/product\/ao-luoi-khoet-vai-tay-nhieu-lop-luna-closet\/#breadcrumb\",\"itemListElement\":[{\"@type\":\"ListItem\",\"position\":1,\"name\":\"Home\",\"item\":\"https:\/\/amazon.azdigi.shop\/\"},{\"@type\":\"ListItem\",\"position\":2,\"name\":\"Shop\",\"item\":\"https:\/\/amazon.azdigi.shop\/index.php\/shop\/\"},{\"@type\":\"ListItem\",\"position\":3,\"name\":\"\u00c1O L\u01af\u1edaI KHO\u00c9T VAI TAY NHI\u1ec0U L\u1edaP LUNA CLOSET\"}]},{\"@type\":\"WebSite\",\"@id\":\"https:\/\/amazon.azdigi.shop\/#website\",\"url\":\"https:\/\/amazon.azdigi.shop\/\",\"name\":\"lunacloset\",\"description\":\"\",\"potentialAction\":[{\"@type\":\"SearchAction\",\"target\":{\"@type\":\"EntryPoint\",\"urlTemplate\":\"https:\/\/amazon.azdigi.shop\/?s={search_term_string}\"},\"query-input\":{\"@type\":\"PropertyValueSpecification\",\"valueRequired\":true,\"valueName\":\"search_term_string\"}}],\"inLanguage\":\"en-US\"}]}<\/script>\n<!-- \/ Yoast SEO plugin. -->","yoast_head_json":{"title":"\u00c1O L\u01af\u1edaI KHO\u00c9T VAI TAY NHI\u1ec0U L\u1edaP LUNA CLOSET - lunacloset","description":"S\u1edf h\u1eefu ngay m\u1eabu \u00e1o l\u01b0\u1edbi kho\u00e9t tay ruffle nhi\u1ec1u t\u1ea7ng c\u00e1ch \u0111i\u1ec7u, ch\u1ea5t li\u1ec7u v\u1ea3i l\u01b0\u1edbi m\u1ec1m m\u1ea1i m\u00e0u Beige sang tr\u1ecdng. T\u00f4n d\u00e1ng, tr\u1ebb trung, h\u00e0ng m\u1edbi v\u1ec1 t\u1ea1i Luna Closet!","robots":{"index":"index","follow":"follow","max-snippet":"max-snippet:-1","max-image-preview":"max-image-preview:large","max-video-preview":"max-video-preview:-1"},"canonical":"https:\/\/amazon.azdigi.shop\/index.php\/product\/ao-luoi-khoet-vai-tay-nhieu-lop-luna-closet\/","og_locale":"en_US","og_type":"article","og_title":"\u00c1O L\u01af\u1edaI KHO\u00c9T VAI TAY NHI\u1ec0U L\u1edaP LUNA CLOSET - lunacloset","og_description":"S\u1edf h\u1eefu ngay m\u1eabu \u00e1o l\u01b0\u1edbi kho\u00e9t tay ruffle nhi\u1ec1u t\u1ea7ng c\u00e1ch \u0111i\u1ec7u, ch\u1ea5t li\u1ec7u v\u1ea3i l\u01b0\u1edbi m\u1ec1m m\u1ea1i m\u00e0u Beige sang tr\u1ecdng. T\u00f4n d\u00e1ng, tr\u1ebb trung, h\u00e0ng m\u1edbi v\u1ec1 t\u1ea1i Luna Closet!","og_url":"https:\/\/amazon.azdigi.shop\/index.php\/product\/ao-luoi-khoet-vai-tay-nhieu-lop-luna-closet\/","og_site_name":"lunacloset","article_modified_time":"2026-04-18T09:03:15+00:00","og_image":[{"width":1080,"height":1350,"url":"https:\/\/amazon.azdigi.shop\/wp-content\/uploads\/2026\/03\/sp17-a4.jpg?wsr","type":"image\/jpeg"}],"twitter_card":"summary_large_image","twitter_misc":{"Est. reading time":"3 minutes"},"schema":{"@context":"https:\/\/schema.org","@graph":[{"@type":"WebPage","@id":"https:\/\/amazon.azdigi.shop\/index.php\/product\/ao-luoi-khoet-vai-tay-nhieu-lop-luna-closet\/","url":"https:\/\/amazon.azdigi.shop\/index.php\/product\/ao-luoi-khoet-vai-tay-nhieu-lop-luna-closet\/","name":"\u00c1O L\u01af\u1edaI KHO\u00c9T VAI TAY NHI\u1ec0U L\u1edaP LUNA CLOSET - lunacloset","isPartOf":{"@id":"https:\/\/amazon.azdigi.shop\/#website"},"primaryImageOfPage":{"@id":"https:\/\/amazon.azdigi.shop\/index.php\/product\/ao-luoi-khoet-vai-tay-nhieu-lop-luna-closet\/#primaryimage"},"image":{"@id":"https:\/\/amazon.azdigi.shop\/index.php\/product\/ao-luoi-khoet-vai-tay-nhieu-lop-luna-closet\/#primaryimage"},"thumbnailUrl":"https:\/\/amazon.azdigi.shop\/wp-content\/uploads\/2026\/03\/sp17-a4.jpg?wsr","datePublished":"2026-03-21T18:53:16+00:00","dateModified":"2026-04-18T09:03:15+00:00","description":"S\u1edf h\u1eefu ngay m\u1eabu \u00e1o l\u01b0\u1edbi kho\u00e9t tay ruffle nhi\u1ec1u t\u1ea7ng c\u00e1ch \u0111i\u1ec7u, ch\u1ea5t li\u1ec7u v\u1ea3i l\u01b0\u1edbi m\u1ec1m m\u1ea1i m\u00e0u Beige sang tr\u1ecdng. T\u00f4n d\u00e1ng, tr\u1ebb trung, h\u00e0ng m\u1edbi v\u1ec1 t\u1ea1i Luna Closet!","breadcrumb":{"@id":"https:\/\/amazon.azdigi.shop\/index.php\/product\/ao-luoi-khoet-vai-tay-nhieu-lop-luna-closet\/#breadcrumb"},"inLanguage":"en-US","potentialAction":[{"@type":"ReadAction","target":["https:\/\/amazon.azdigi.shop\/index.php\/product\/ao-luoi-khoet-vai-tay-nhieu-lop-luna-closet\/"]}]},{"@type":"ImageObject","inLanguage":"en-US","@id":"https:\/\/amazon.azdigi.shop\/index.php\/product\/ao-luoi-khoet-vai-tay-nhieu-lop-luna-closet\/#primaryimage","url":"https:\/\/amazon.azdigi.shop\/wp-content\/uploads\/2026\/03\/sp17-a4.jpg?wsr","contentUrl":"https:\/\/amazon.azdigi.shop\/wp-content\/uploads\/2026\/03\/sp17-a4.jpg?wsr","width":1080,"height":1350},{"@type":"BreadcrumbList","@id":"https:\/\/amazon.azdigi.shop\/index.php\/product\/ao-luoi-khoet-vai-tay-nhieu-lop-luna-closet\/#breadcrumb","itemListElement":[{"@type":"ListItem","position":1,"name":"Home","item":"https:\/\/amazon.azdigi.shop\/"},{"@type":"ListItem","position":2,"name":"Shop","item":"https:\/\/amazon.azdigi.shop\/index.php\/shop\/"},{"@type":"ListItem","position":3,"name":"\u00c1O L\u01af\u1edaI KHO\u00c9T VAI TAY NHI\u1ec0U L\u1edaP LUNA CLOSET"}]},{"@type":"WebSite","@id":"https:\/\/amazon.azdigi.shop\/#website","url":"https:\/\/amazon.azdigi.shop\/","name":"lunacloset","description":"","potentialAction":[{"@type":"SearchAction","target":{"@type":"EntryPoint","urlTemplate":"https:\/\/amazon.azdigi.shop\/?s={search_term_string}"},"query-input":{"@type":"PropertyValueSpecification","valueRequired":true,"valueName":"search_term_string"}}],"inLanguage":"en-US"}]}},"_links":{"self":[{"href":"https:\/\/amazon.azdigi.shop\/index.php\/wp-json\/wp\/v2\/product\/158","targetHints":{"allow":["GET"]}}],"collection":[{"href":"https:\/\/amazon.azdigi.shop\/index.php\/wp-json\/wp\/v2\/product"}],"about":[{"href":"https:\/\/amazon.azdigi.shop\/index.php\/wp-json\/wp\/v2\/types\/product"}],"replies":[{"embeddable":true,"href":"https:\/\/amazon.azdigi.shop\/index.php\/wp-json\/wp\/v2\/comments?post=158"}],"wp:featuredmedia":[{"embeddable":true,"href":"https:\/\/amazon.azdigi.shop\/index.php\/wp-json\/wp\/v2\/media\/162"}],"wp:attachment":[{"href":"https:\/\/amazon.azdigi.shop\/index.php\/wp-json\/wp\/v2\/media?parent=158"}],"wp:term":[{"taxonomy":"product_brand","embeddable":true,"href":"https:\/\/amazon.azdigi.shop\/index.php\/wp-json\/wp\/v2\/product_brand?post=158"},{"taxonomy":"product_cat","embeddable":true,"href":"https:\/\/amazon.azdigi.shop\/index.php\/wp-json\/wp\/v2\/product_cat?post=158"},{"taxonomy":"product_tag","embeddable":true,"href":"https:\/\/amazon.azdigi.shop\/index.php\/wp-json\/wp\/v2\/product_tag?post=158"}],"curies":[{"name":"wp","href":"https:\/\/api.w.org\/{rel}","templated":true}]}}