{"id":132,"date":"2026-03-21T18:33:46","date_gmt":"2026-03-21T18:33:46","guid":{"rendered":"https:\/\/amazon.azdigi.shop\/?post_type=product&#038;p=132"},"modified":"2026-04-18T09:35:03","modified_gmt":"2026-04-18T09:35:03","slug":"orchid-dress-luna-closet","status":"publish","type":"product","link":"https:\/\/amazon.azdigi.shop\/index.php\/product\/orchid-dress-luna-closet\/","title":{"rendered":"ORCHID DRESS LUNA CLOSET"},"content":{"rendered":"<p><strong>PRODUCT DETAILS:<\/strong>\u00a0\u0110\u1ea7m t\u01a1 ph\u1ed1i ren<\/p>\n<div class=\"Y3BBE\" data-sfc-cp=\"\" data-sfc-root=\"c\" data-sfc-cb=\"\" data-hveid=\"CAEIDhAA\" data-complete=\"true\" data-processed=\"true\"><strong class=\"Yjhzub\" data-sfc-root=\"c\" data-sfc-cb=\"\" data-complete=\"true\" data-processed=\"true\">\u0110i\u1ec3m n\u1ed5i b\u1eadt c\u1ee7a Orchid Dress &#8211; \u0110\u1ea7m t\u01a1 ph\u1ed1i ren cao c\u1ea5p<\/strong><button class=\"rBl3me\" tabindex=\"0\" data-amic=\"true\" data-icl-uuid=\"47e5e299-bf6f-43dc-968f-1a8d5cd0f4a3\" aria-label=\"Xem c\u00e1c \u0111\u01b0\u1eddng li\u00ean k\u1ebft c\u00f3 li\u00ean quan\" data-wiz-attrbind=\"disabled=eWTICd_2j\/C5gNJc;aria-label=eWTICd_2j\/bOjMyf;class=eWTICd_2j\/UpSNec\" data-ved=\"2ahUKEwir6sLdv--TAxX8k1YBHc3SMUkQye0OegYIAQgOEAE\" data-hveid=\"CAEIDhAB\"><\/button><\/div>\n<div class=\"Y3BBE\" data-sfc-cp=\"\" data-sfc-root=\"c\" data-sfc-cb=\"\" data-hveid=\"CAEIDxAA\" data-complete=\"true\" data-processed=\"true\"><strong class=\"Yjhzub\" data-sfc-root=\"c\" data-sfc-cb=\"\" data-complete=\"true\" data-processed=\"true\">Thi\u1ebft k\u1ebf sang tr\u1ecdng v\u00e0 n\u1eef t\u00ednh<\/strong><br data-sfc-root=\"c\" data-sfc-pl=\"|[]\" data-sfc-cb=\"\" data-complete=\"true\" data-processed=\"true\" \/>M\u1eabu\u00a0<strong class=\"Yjhzub\" data-sfc-root=\"c\" data-sfc-cb=\"\" data-complete=\"true\" data-processed=\"true\">Orchid Dress<\/strong>\u00a0l\u00e0 s\u1ef1 k\u1ebft h\u1ee3p ho\u00e0n h\u1ea3o gi\u1eefa n\u00e9t c\u1ed5 \u0111i\u1ec3n v\u00e0 hi\u1ec7n \u0111\u1ea1i. V\u1edbi tone m\u00e0u tr\u1eafng tinh kh\u00f4i, chi\u1ebfc \u0111\u1ea7m mang l\u1ea1i v\u1ebb ngo\u00e0i thanh l\u1ecbch, nh\u1eb9 nh\u00e0ng nh\u01b0ng kh\u00f4ng k\u00e9m ph\u1ea7n cu\u1ed1n h\u00fat. Chi ti\u1ebft ph\u1ed1i ren tinh t\u1ebf \u1edf ph\u1ea7n tay v\u00e0 ng\u1ef1c \u00e1o t\u1ea1o \u0111i\u1ec3m nh\u1ea5n \u0111\u1ed9c \u0111\u00e1o, gi\u00fap che khuy\u1ebft \u0111i\u1ec3m b\u1eafp tay hi\u1ec7u qu\u1ea3 v\u00e0 t\u00f4n l\u00ean \u0111\u01b0\u1eddng n\u00e9t m\u1ea3nh mai c\u1ee7a ph\u00e1i \u0111\u1eb9p.<button class=\"rBl3me\" tabindex=\"0\" data-amic=\"true\" data-icl-uuid=\"b1dfc95a-4032-4de3-8fe9-5dae8ed4896a\" aria-label=\"Xem c\u00e1c \u0111\u01b0\u1eddng li\u00ean k\u1ebft c\u00f3 li\u00ean quan\" data-wiz-attrbind=\"disabled=eWTICd_2q\/C5gNJc;aria-label=eWTICd_2q\/bOjMyf;class=eWTICd_2q\/UpSNec\" data-ved=\"2ahUKEwir6sLdv--TAxX8k1YBHc3SMUkQye0OegYIAQgPEAE\" data-hveid=\"CAEIDxAB\"><\/button><\/div>\n<div class=\"Y3BBE\" data-sfc-cp=\"\" data-sfc-root=\"c\" data-sfc-cb=\"\" data-hveid=\"CAEIEBAA\" data-complete=\"true\" data-processed=\"true\" aria-owns=\"action-menu-parent-container\"><strong class=\"Yjhzub\" data-sfc-root=\"c\" data-sfc-cb=\"\" data-complete=\"true\" data-processed=\"true\">Ch\u1ea5t li\u1ec7u t\u01a1 ph\u1ed1i ren m\u1ec1m m\u1ea1i<\/strong><br data-sfc-root=\"c\" data-sfc-pl=\"|[]\" data-sfc-cb=\"\" data-complete=\"true\" data-processed=\"true\" \/>Ch\u00fang t\u00f4i \u01b0u ti\u00ean tr\u1ea3i nghi\u1ec7m c\u1ee7a kh\u00e1ch h\u00e0ng b\u1eb1ng vi\u1ec7c s\u1eed d\u1ee5ng ch\u1ea5t li\u1ec7u\u00a0<strong class=\"Yjhzub\" data-sfc-root=\"c\" data-sfc-cb=\"\" data-complete=\"true\" data-processed=\"true\">t\u01a1 cao c\u1ea5p<\/strong>. V\u1ea3i t\u01a1 c\u00f3 \u0111\u1ed9 bay b\u1ed5ng t\u1ef1 nhi\u00ean, tho\u00e1ng m\u00e1t v\u00e0 c\u1ef1c k\u1ef3 th\u00e2n thi\u1ec7n v\u1edbi l\u00e0n da. L\u1edbp ren \u0111\u01b0\u1ee3c tuy\u1ec3n ch\u1ecdn k\u1ef9 l\u01b0\u1ee1ng, \u0111\u1ea3m b\u1ea3o \u0111\u1ed9 b\u1ec1n, kh\u00f4ng g\u00e2y ng\u1ee9a hay kh\u00f3 ch\u1ecbu khi di\u1ec7n trong th\u1eddi gian d\u00e0i.<\/div>\n<p><strong>TH\u00d4NG S\u1ed0 S\u1ea2N PH\u1ea8M<\/strong><\/p>\n<p><strong>Ch\u1ea5t li\u1ec7u:<\/strong>\u00a0T\u01a1 ph\u1ed1i ren<\/p>\n<p><strong>M\u00e0u s\u1eafc:\u00a0<\/strong>Tr\u1eafng<\/p>\n<p><strong>Size:<\/strong>\u00a0Size S: Ng\u1ef1c 82-84, Eo 66-68, M\u00f4ng 88-90<\/p>\n<p>Size M: Ng\u1ef1c 86-88, Eo 70-72, M\u00f4ng 90-92<\/p>\n<p>Size L:\u00a0Ng\u1ef1c 90-92, Eo 74-76, M\u00f4ng 94-96<\/p>\n<p><strong>KH\u00c1CH H\u00c0NG L\u01afU \u00dd:<\/strong><\/p>\n<p>&#8211; B\u1ea3ng size chart ch\u1ec9 mang t\u00ednh ch\u1ea5t tham kh\u1ea3o, t\u00f9y thu\u1ed9c v\u00e0o s\u1ed1 \u0111o c\u01a1 th\u1ec3 v\u00e0 ch\u1ea5t li\u1ec7u v\u1ea3i kh\u00e1c nhau s\u1ebd c\u00f3 s\u1ef1 ch\u00eanh l\u1ec7ch nh\u1ea5t \u0111\u1ecbnh.<\/p>\n<p>&#8211; M\u00e0u s\u1eafc v\u1ea3i c\u1ee7a s\u1ea3n ph\u1ea9m c\u00f3 th\u1ec3 s\u1ebd ch\u00eanh l\u1ec7ch th\u1ef1c t\u1ebf m\u1ed9t ph\u1ea7n nh\u1ecf, do \u1ea3nh h\u01b0\u1edfng v\u1ec1 \u0111\u1ed9 l\u1ec7ch m\u00e0u c\u1ee7a \u00e1nh s\u00e1ng nh\u01b0ng v\u1eabn \u0111\u1ea3m b\u1ea3o ch\u1ea5t l\u01b0\u1ee3ng.<\/p>\n<p>*** Vui l\u00f2ng inbox LUNA CLOSET \u0111\u1ec3 \u0111\u01b0\u1ee3c t\u01b0 v\u1ea5n ch\u00ednh x\u00e1c h\u01a1n.<\/p>\n","protected":false},"excerpt":{"rendered":"<p>PRODUCT DETAILS:\u00a0\u0110\u1ea7m t\u01a1 ph\u1ed1i ren \u0110i\u1ec3m n\u1ed5i b\u1eadt c\u1ee7a Orchid Dress &#8211; \u0110\u1ea7m t\u01a1 ph\u1ed1i ren cao c\u1ea5p Thi\u1ebft k\u1ebf sang tr\u1ecdng v\u00e0 n\u1eef t\u00ednhM\u1eabu\u00a0Orchid Dress\u00a0l\u00e0 s\u1ef1 k\u1ebft h\u1ee3p ho\u00e0n h\u1ea3o gi\u1eefa n\u00e9t c\u1ed5 \u0111i\u1ec3n v\u00e0 hi\u1ec7n \u0111\u1ea1i. V\u1edbi tone m\u00e0u tr\u1eafng tinh kh\u00f4i, chi\u1ebfc \u0111\u1ea7m mang l\u1ea1i v\u1ebb ngo\u00e0i thanh l\u1ecbch, nh\u1eb9 nh\u00e0ng nh\u01b0ng [&#8230;]\n","protected":false},"featured_media":133,"comment_status":"open","ping_status":"closed","template":"","meta":[],"product_brand":[],"product_cat":[39,20,32,34,21,54],"product_tag":[],"class_list":{"0":"post-132","1":"product","2":"type-product","3":"status-publish","4":"has-post-thumbnail","6":"product_cat-a-day-with-labby","7":"product_cat-dam","8":"product_cat-dream-closet","9":"product_cat-luminious-spring","10":"product_cat-vay","11":"product_cat-vay-ngan","13":"first","14":"instock","15":"sale","16":"shipping-taxable","17":"purchasable","18":"product-type-variable"},"yoast_head":"<!-- This site is optimized with the Yoast SEO plugin v27.2 - https:\/\/yoast.com\/product\/yoast-seo-wordpress\/ -->\n<title>ORCHID DRESS LUNA CLOSET - lunacloset<\/title>\n<meta name=\"description\" content=\"Kh\u00e1m ph\u00e1 m\u1eabu Orchid Dress cao c\u1ea5p t\u1eeb Luna Closet. Thi\u1ebft k\u1ebf \u0111\u1ea7m t\u01a1 ph\u1ed1i ren m\u00e0u tr\u1eafng tinh kh\u00f4i, t\u00f4n d\u00e1ng v\u1edbi \u0111\u1ee7 size S, M, L. Ch\u1ea5t li\u1ec7u m\u1ec1m m\u1ea1i, ph\u00f9 h\u1ee3p d\u1ef1 ti\u1ec7c v\u00e0 d\u1ea1o ph\u1ed1. Mua ngay!\" \/>\n<meta name=\"robots\" content=\"index, follow, max-snippet:-1, max-image-preview:large, max-video-preview:-1\" \/>\n<link rel=\"canonical\" href=\"https:\/\/amazon.azdigi.shop\/index.php\/product\/orchid-dress-luna-closet\/\" \/>\n<meta property=\"og:locale\" content=\"en_US\" \/>\n<meta property=\"og:type\" content=\"article\" \/>\n<meta property=\"og:title\" content=\"ORCHID DRESS LUNA CLOSET - lunacloset\" \/>\n<meta property=\"og:description\" content=\"Kh\u00e1m ph\u00e1 m\u1eabu Orchid Dress cao c\u1ea5p t\u1eeb Luna Closet. Thi\u1ebft k\u1ebf \u0111\u1ea7m t\u01a1 ph\u1ed1i ren m\u00e0u tr\u1eafng tinh kh\u00f4i, t\u00f4n d\u00e1ng v\u1edbi \u0111\u1ee7 size S, M, L. Ch\u1ea5t li\u1ec7u m\u1ec1m m\u1ea1i, ph\u00f9 h\u1ee3p d\u1ef1 ti\u1ec7c v\u00e0 d\u1ea1o ph\u1ed1. Mua ngay!\" \/>\n<meta property=\"og:url\" content=\"https:\/\/amazon.azdigi.shop\/index.php\/product\/orchid-dress-luna-closet\/\" \/>\n<meta property=\"og:site_name\" content=\"lunacloset\" \/>\n<meta property=\"article:modified_time\" content=\"2026-04-18T09:35:03+00:00\" \/>\n<meta property=\"og:image\" content=\"https:\/\/amazon.azdigi.shop\/wp-content\/uploads\/2026\/03\/sp13-a1.jpg?wsr\" \/>\n\t<meta property=\"og:image:width\" content=\"1080\" \/>\n\t<meta property=\"og:image:height\" content=\"1350\" \/>\n\t<meta property=\"og:image:type\" content=\"image\/jpeg\" \/>\n<meta name=\"twitter:card\" content=\"summary_large_image\" \/>\n<meta name=\"twitter:label1\" content=\"Est. reading time\" \/>\n\t<meta name=\"twitter:data1\" content=\"2 minutes\" \/>\n<script type=\"application\/ld+json\" class=\"yoast-schema-graph\">{\"@context\":\"https:\/\/schema.org\",\"@graph\":[{\"@type\":\"WebPage\",\"@id\":\"https:\/\/amazon.azdigi.shop\/index.php\/product\/orchid-dress-luna-closet\/\",\"url\":\"https:\/\/amazon.azdigi.shop\/index.php\/product\/orchid-dress-luna-closet\/\",\"name\":\"ORCHID DRESS LUNA CLOSET - lunacloset\",\"isPartOf\":{\"@id\":\"https:\/\/amazon.azdigi.shop\/#website\"},\"primaryImageOfPage\":{\"@id\":\"https:\/\/amazon.azdigi.shop\/index.php\/product\/orchid-dress-luna-closet\/#primaryimage\"},\"image\":{\"@id\":\"https:\/\/amazon.azdigi.shop\/index.php\/product\/orchid-dress-luna-closet\/#primaryimage\"},\"thumbnailUrl\":\"https:\/\/amazon.azdigi.shop\/wp-content\/uploads\/2026\/03\/sp13-a1.jpg?wsr\",\"datePublished\":\"2026-03-21T18:33:46+00:00\",\"dateModified\":\"2026-04-18T09:35:03+00:00\",\"description\":\"Kh\u00e1m ph\u00e1 m\u1eabu Orchid Dress cao c\u1ea5p t\u1eeb Luna Closet. Thi\u1ebft k\u1ebf \u0111\u1ea7m t\u01a1 ph\u1ed1i ren m\u00e0u tr\u1eafng tinh kh\u00f4i, t\u00f4n d\u00e1ng v\u1edbi \u0111\u1ee7 size S, M, L. Ch\u1ea5t li\u1ec7u m\u1ec1m m\u1ea1i, ph\u00f9 h\u1ee3p d\u1ef1 ti\u1ec7c v\u00e0 d\u1ea1o ph\u1ed1. Mua ngay!\",\"breadcrumb\":{\"@id\":\"https:\/\/amazon.azdigi.shop\/index.php\/product\/orchid-dress-luna-closet\/#breadcrumb\"},\"inLanguage\":\"en-US\",\"potentialAction\":[{\"@type\":\"ReadAction\",\"target\":[\"https:\/\/amazon.azdigi.shop\/index.php\/product\/orchid-dress-luna-closet\/\"]}]},{\"@type\":\"ImageObject\",\"inLanguage\":\"en-US\",\"@id\":\"https:\/\/amazon.azdigi.shop\/index.php\/product\/orchid-dress-luna-closet\/#primaryimage\",\"url\":\"https:\/\/amazon.azdigi.shop\/wp-content\/uploads\/2026\/03\/sp13-a1.jpg?wsr\",\"contentUrl\":\"https:\/\/amazon.azdigi.shop\/wp-content\/uploads\/2026\/03\/sp13-a1.jpg?wsr\",\"width\":1080,\"height\":1350},{\"@type\":\"BreadcrumbList\",\"@id\":\"https:\/\/amazon.azdigi.shop\/index.php\/product\/orchid-dress-luna-closet\/#breadcrumb\",\"itemListElement\":[{\"@type\":\"ListItem\",\"position\":1,\"name\":\"Home\",\"item\":\"https:\/\/amazon.azdigi.shop\/\"},{\"@type\":\"ListItem\",\"position\":2,\"name\":\"Shop\",\"item\":\"https:\/\/amazon.azdigi.shop\/index.php\/shop\/\"},{\"@type\":\"ListItem\",\"position\":3,\"name\":\"ORCHID DRESS LUNA CLOSET\"}]},{\"@type\":\"WebSite\",\"@id\":\"https:\/\/amazon.azdigi.shop\/#website\",\"url\":\"https:\/\/amazon.azdigi.shop\/\",\"name\":\"lunacloset\",\"description\":\"\",\"potentialAction\":[{\"@type\":\"SearchAction\",\"target\":{\"@type\":\"EntryPoint\",\"urlTemplate\":\"https:\/\/amazon.azdigi.shop\/?s={search_term_string}\"},\"query-input\":{\"@type\":\"PropertyValueSpecification\",\"valueRequired\":true,\"valueName\":\"search_term_string\"}}],\"inLanguage\":\"en-US\"}]}<\/script>\n<!-- \/ Yoast SEO plugin. -->","yoast_head_json":{"title":"ORCHID DRESS LUNA CLOSET - lunacloset","description":"Kh\u00e1m ph\u00e1 m\u1eabu Orchid Dress cao c\u1ea5p t\u1eeb Luna Closet. Thi\u1ebft k\u1ebf \u0111\u1ea7m t\u01a1 ph\u1ed1i ren m\u00e0u tr\u1eafng tinh kh\u00f4i, t\u00f4n d\u00e1ng v\u1edbi \u0111\u1ee7 size S, M, L. Ch\u1ea5t li\u1ec7u m\u1ec1m m\u1ea1i, ph\u00f9 h\u1ee3p d\u1ef1 ti\u1ec7c v\u00e0 d\u1ea1o ph\u1ed1. Mua ngay!","robots":{"index":"index","follow":"follow","max-snippet":"max-snippet:-1","max-image-preview":"max-image-preview:large","max-video-preview":"max-video-preview:-1"},"canonical":"https:\/\/amazon.azdigi.shop\/index.php\/product\/orchid-dress-luna-closet\/","og_locale":"en_US","og_type":"article","og_title":"ORCHID DRESS LUNA CLOSET - lunacloset","og_description":"Kh\u00e1m ph\u00e1 m\u1eabu Orchid Dress cao c\u1ea5p t\u1eeb Luna Closet. Thi\u1ebft k\u1ebf \u0111\u1ea7m t\u01a1 ph\u1ed1i ren m\u00e0u tr\u1eafng tinh kh\u00f4i, t\u00f4n d\u00e1ng v\u1edbi \u0111\u1ee7 size S, M, L. Ch\u1ea5t li\u1ec7u m\u1ec1m m\u1ea1i, ph\u00f9 h\u1ee3p d\u1ef1 ti\u1ec7c v\u00e0 d\u1ea1o ph\u1ed1. Mua ngay!","og_url":"https:\/\/amazon.azdigi.shop\/index.php\/product\/orchid-dress-luna-closet\/","og_site_name":"lunacloset","article_modified_time":"2026-04-18T09:35:03+00:00","og_image":[{"width":1080,"height":1350,"url":"https:\/\/amazon.azdigi.shop\/wp-content\/uploads\/2026\/03\/sp13-a1.jpg?wsr","type":"image\/jpeg"}],"twitter_card":"summary_large_image","twitter_misc":{"Est. reading time":"2 minutes"},"schema":{"@context":"https:\/\/schema.org","@graph":[{"@type":"WebPage","@id":"https:\/\/amazon.azdigi.shop\/index.php\/product\/orchid-dress-luna-closet\/","url":"https:\/\/amazon.azdigi.shop\/index.php\/product\/orchid-dress-luna-closet\/","name":"ORCHID DRESS LUNA CLOSET - lunacloset","isPartOf":{"@id":"https:\/\/amazon.azdigi.shop\/#website"},"primaryImageOfPage":{"@id":"https:\/\/amazon.azdigi.shop\/index.php\/product\/orchid-dress-luna-closet\/#primaryimage"},"image":{"@id":"https:\/\/amazon.azdigi.shop\/index.php\/product\/orchid-dress-luna-closet\/#primaryimage"},"thumbnailUrl":"https:\/\/amazon.azdigi.shop\/wp-content\/uploads\/2026\/03\/sp13-a1.jpg?wsr","datePublished":"2026-03-21T18:33:46+00:00","dateModified":"2026-04-18T09:35:03+00:00","description":"Kh\u00e1m ph\u00e1 m\u1eabu Orchid Dress cao c\u1ea5p t\u1eeb Luna Closet. Thi\u1ebft k\u1ebf \u0111\u1ea7m t\u01a1 ph\u1ed1i ren m\u00e0u tr\u1eafng tinh kh\u00f4i, t\u00f4n d\u00e1ng v\u1edbi \u0111\u1ee7 size S, M, L. Ch\u1ea5t li\u1ec7u m\u1ec1m m\u1ea1i, ph\u00f9 h\u1ee3p d\u1ef1 ti\u1ec7c v\u00e0 d\u1ea1o ph\u1ed1. Mua ngay!","breadcrumb":{"@id":"https:\/\/amazon.azdigi.shop\/index.php\/product\/orchid-dress-luna-closet\/#breadcrumb"},"inLanguage":"en-US","potentialAction":[{"@type":"ReadAction","target":["https:\/\/amazon.azdigi.shop\/index.php\/product\/orchid-dress-luna-closet\/"]}]},{"@type":"ImageObject","inLanguage":"en-US","@id":"https:\/\/amazon.azdigi.shop\/index.php\/product\/orchid-dress-luna-closet\/#primaryimage","url":"https:\/\/amazon.azdigi.shop\/wp-content\/uploads\/2026\/03\/sp13-a1.jpg?wsr","contentUrl":"https:\/\/amazon.azdigi.shop\/wp-content\/uploads\/2026\/03\/sp13-a1.jpg?wsr","width":1080,"height":1350},{"@type":"BreadcrumbList","@id":"https:\/\/amazon.azdigi.shop\/index.php\/product\/orchid-dress-luna-closet\/#breadcrumb","itemListElement":[{"@type":"ListItem","position":1,"name":"Home","item":"https:\/\/amazon.azdigi.shop\/"},{"@type":"ListItem","position":2,"name":"Shop","item":"https:\/\/amazon.azdigi.shop\/index.php\/shop\/"},{"@type":"ListItem","position":3,"name":"ORCHID DRESS LUNA CLOSET"}]},{"@type":"WebSite","@id":"https:\/\/amazon.azdigi.shop\/#website","url":"https:\/\/amazon.azdigi.shop\/","name":"lunacloset","description":"","potentialAction":[{"@type":"SearchAction","target":{"@type":"EntryPoint","urlTemplate":"https:\/\/amazon.azdigi.shop\/?s={search_term_string}"},"query-input":{"@type":"PropertyValueSpecification","valueRequired":true,"valueName":"search_term_string"}}],"inLanguage":"en-US"}]}},"_links":{"self":[{"href":"https:\/\/amazon.azdigi.shop\/index.php\/wp-json\/wp\/v2\/product\/132","targetHints":{"allow":["GET"]}}],"collection":[{"href":"https:\/\/amazon.azdigi.shop\/index.php\/wp-json\/wp\/v2\/product"}],"about":[{"href":"https:\/\/amazon.azdigi.shop\/index.php\/wp-json\/wp\/v2\/types\/product"}],"replies":[{"embeddable":true,"href":"https:\/\/amazon.azdigi.shop\/index.php\/wp-json\/wp\/v2\/comments?post=132"}],"wp:featuredmedia":[{"embeddable":true,"href":"https:\/\/amazon.azdigi.shop\/index.php\/wp-json\/wp\/v2\/media\/133"}],"wp:attachment":[{"href":"https:\/\/amazon.azdigi.shop\/index.php\/wp-json\/wp\/v2\/media?parent=132"}],"wp:term":[{"taxonomy":"product_brand","embeddable":true,"href":"https:\/\/amazon.azdigi.shop\/index.php\/wp-json\/wp\/v2\/product_brand?post=132"},{"taxonomy":"product_cat","embeddable":true,"href":"https:\/\/amazon.azdigi.shop\/index.php\/wp-json\/wp\/v2\/product_cat?post=132"},{"taxonomy":"product_tag","embeddable":true,"href":"https:\/\/amazon.azdigi.shop\/index.php\/wp-json\/wp\/v2\/product_tag?post=132"}],"curies":[{"name":"wp","href":"https:\/\/api.w.org\/{rel}","templated":true}]}}