{"id":125,"date":"2026-03-21T18:26:26","date_gmt":"2026-03-21T18:26:26","guid":{"rendered":"https:\/\/amazon.azdigi.shop\/?post_type=product&#038;p=125"},"modified":"2026-04-18T09:47:58","modified_gmt":"2026-04-18T09:47:58","slug":"gladiolus-dress","status":"publish","type":"product","link":"https:\/\/amazon.azdigi.shop\/index.php\/product\/gladiolus-dress\/","title":{"rendered":"GLADIOLUS DRESS LUNA CLOSET"},"content":{"rendered":"<div class=\"AdPoic\" role=\"heading\" aria-level=\"3\" data-animation-nesting=\"\" data-sfc-cp=\"\" data-sfc-root=\"c\" data-sfc-cb=\"\" data-complete=\"true\" data-processed=\"true\" data-sae=\"\">T\u1ea1i sao Gladiolus Dress l\u00e0 l\u1ef1a ch\u1ecdn h\u00e0ng \u0111\u1ea7u cho qu\u00fd c\u00f4 thanh l\u1ecbch?<button class=\"rBl3me\" tabindex=\"0\" data-amic=\"true\" data-icl-uuid=\"e0cc804f-cded-4199-8f26-a0486d407c05\" aria-label=\"Xem c\u00e1c \u0111\u01b0\u1eddng li\u00ean k\u1ebft c\u00f3 li\u00ean quan\" data-wiz-attrbind=\"disabled=DGfN5d_1z\/C5gNJc;aria-label=DGfN5d_1z\/bOjMyf;class=DGfN5d_1z\/UpSNec\" data-ved=\"2ahUKEwiqyommwu-TAxVXqVYBHULHO7UQye0OegYIAQgKEAA\" data-hveid=\"CAEIChAA\"><\/button><\/div>\n<div class=\"Y3BBE\" data-sfc-cp=\"\" data-sfc-root=\"c\" data-sfc-cb=\"\" data-hveid=\"CAEICxAA\" data-complete=\"true\" data-processed=\"true\"><strong class=\"Yjhzub\" data-sfc-root=\"c\" data-sfc-cb=\"\" data-complete=\"true\" data-processed=\"true\">Thi\u1ebft k\u1ebf t\u00f4n d\u00e1ng, sang tr\u1ecdng<\/strong><br data-sfc-root=\"c\" data-sfc-pl=\"|[]\" data-sfc-cb=\"\" data-complete=\"true\" data-processed=\"true\" \/>\u0110\u00fang nh\u01b0 t\u00ean g\u1ecdi c\u1ee7a lo\u00e0i hoa lay \u01a1n m\u1ea1nh m\u1ebd v\u00e0 ki\u00eau sa, \u00a0t\u1ea1i Luna Closet \u0111\u01b0\u1ee3c thi\u1ebft k\u1ebf \u0111\u1ec3 t\u00f4n vinh n\u00e9t \u0111\u1eb9p thanh l\u1ecbch c\u1ee7a ph\u00e1i n\u1eef. V\u1edbi form d\u00e1ng d\u00e0i su\u00f4ng nh\u1eb9, chi\u1ebfc \u0111\u1ea7m kh\u00f4ng ch\u1ec9 mang l\u1ea1i v\u1ebb ngo\u00e0i duy\u00ean d\u00e1ng m\u00e0 c\u00f2n gi\u00fap che khuy\u1ebft \u0111i\u1ec3m c\u01a1 th\u1ec3 m\u1ed9t c\u00e1ch tinh t\u1ebf. M\u00e0u kem nh\u00e3 nh\u1eb7n ph\u00f9 h\u1ee3p cho m\u1ecdi t\u00f4ng da, gi\u00fap b\u1ea1n t\u1ef1 tin t\u1ecfa s\u00e1ng d\u00f9 l\u00e0 \u0111i l\u00e0m c\u00f4ng s\u1edf hay tham d\u1ef1 c\u00e1c bu\u1ed5i ti\u1ec7c nh\u1eb9.<button class=\"rBl3me\" tabindex=\"0\" data-amic=\"true\" data-icl-uuid=\"d9542ccf-c3e5-45e6-aa25-ced84c7dd165\" aria-label=\"Xem c\u00e1c \u0111\u01b0\u1eddng li\u00ean k\u1ebft c\u00f3 li\u00ean quan\" data-wiz-attrbind=\"disabled=DGfN5d_26\/C5gNJc;aria-label=DGfN5d_26\/bOjMyf;class=DGfN5d_26\/UpSNec\" data-ved=\"2ahUKEwiqyommwu-TAxVXqVYBHULHO7UQye0OegYIAQgLEAE\" data-hveid=\"CAEICxAB\"><\/button><\/div>\n<div class=\"Y3BBE\" data-sfc-cp=\"\" data-sfc-root=\"c\" data-sfc-cb=\"\" data-hveid=\"CAEIDBAA\" data-complete=\"true\" data-processed=\"true\"><strong class=\"Yjhzub\" data-sfc-root=\"c\" data-sfc-cb=\"\" data-complete=\"true\" data-processed=\"true\">Ch\u1ea5t li\u1ec7u Cotton G\u00e2n cao c\u1ea5p<\/strong><br data-sfc-root=\"c\" data-sfc-pl=\"|[]\" data-sfc-cb=\"\" data-complete=\"true\" data-processed=\"true\" \/>S\u1ea3n ph\u1ea9m s\u1eed d\u1ee5ng ch\u1ea5t li\u1ec7u\u00a0<strong class=\"Yjhzub\" data-sfc-root=\"c\" data-sfc-cb=\"\" data-complete=\"true\" data-processed=\"true\">cotton g\u00e2n<\/strong>\u00a0tuy\u1ec3n ch\u1ecdn, c\u00f3 \u0111\u1ed9 d\u00e0y d\u1eb7n v\u1eeba ph\u1ea3i gi\u00fap l\u00ean form chu\u1ea9n nh\u01b0ng v\u1eabn \u0111\u1ea3m b\u1ea3o s\u1ef1 tho\u00e1ng m\u00e1t v\u00e0 th\u1ea5m h\u00fat m\u1ed3 h\u00f4i c\u1ef1c t\u1ed1t. \u0110\u1ed9 co gi\u00e3n nh\u1eb9 c\u1ee7a v\u1ea3i gi\u00fap ng\u01b0\u1eddi m\u1eb7c lu\u00f4n c\u1ea3m th\u1ea5y tho\u1ea3i m\u00e1i trong m\u1ecdi c\u1eed \u0111\u1ed9ng, kh\u00f4ng g\u00e2y c\u1ea3m gi\u00e1c g\u00f2 b\u00f3 nh\u01b0 c\u00e1c d\u00f2ng v\u1ea3i th\u00f4 th\u00f4ng th\u01b0\u1eddng.<button class=\"rBl3me\" tabindex=\"0\" data-amic=\"true\" data-icl-uuid=\"68faf63c-45c7-46ed-98a8-7f74c60bb13e\" aria-label=\"Xem c\u00e1c \u0111\u01b0\u1eddng li\u00ean k\u1ebft c\u00f3 li\u00ean quan\" data-wiz-attrbind=\"disabled=DGfN5d_2d\/C5gNJc;aria-label=DGfN5d_2d\/bOjMyf;class=DGfN5d_2d\/UpSNec\" data-ved=\"2ahUKEwiqyommwu-TAxVXqVYBHULHO7UQye0OegYIAQgMEAE\" data-hveid=\"CAEIDBAB\"><\/button><\/div>\n<div class=\"Fsg96\" data-sfc-cp=\"\" data-sfc-root=\"c\" data-sfc-cb=\"\" data-complete=\"true\" data-processed=\"true\"><\/div>\n<div data-subtree=\"aimba\" data-sfc-cp=\"\" data-sfc-root=\"c\" data-sfc-cb=\"\" data-complete=\"true\" data-processed=\"true\">\n<div class=\"Jd31eb\" data-sfc-root=\"c\" data-sfc-cb=\"\" data-complete=\"true\" data-processed=\"true\">\n<div class=\"AdPoic\" role=\"heading\" aria-level=\"3\" data-animation-nesting=\"\" data-sfc-cp=\"\" data-sfc-root=\"c\" data-sfc-cb=\"\" data-complete=\"true\" data-processed=\"true\" data-sae=\"\">G\u1ee3i \u00fd ph\u1ed1i \u0111\u1ed3 (Mix &amp; Match)<button class=\"rBl3me\" tabindex=\"0\" data-amic=\"true\" data-icl-uuid=\"5f750575-2fca-4043-a5d1-731eed610b72\" aria-label=\"Xem c\u00e1c \u0111\u01b0\u1eddng li\u00ean k\u1ebft c\u00f3 li\u00ean quan\" data-wiz-attrbind=\"disabled=DGfN5d_2l\/C5gNJc;aria-label=DGfN5d_2l\/bOjMyf;class=DGfN5d_2l\/UpSNec\" data-ved=\"2ahUKEwiqyommwu-TAxVXqVYBHULHO7UQye0OegYIAQgOEAA\" data-hveid=\"CAEIDhAA\"><\/button><\/div>\n<div class=\"Y3BBE\" data-sfc-cp=\"\" data-sfc-root=\"c\" data-sfc-cb=\"\" data-hveid=\"CAEIDxAA\" data-complete=\"true\" data-processed=\"true\">\u0110\u1ec3 ho\u00e0n thi\u1ec7n phong c\u00e1ch c\u00f9ng chi\u1ebfc\u00a0<strong class=\"Yjhzub\" data-sfc-root=\"c\" data-sfc-cb=\"\" data-complete=\"true\" data-processed=\"true\">\u0111\u1ea7m thanh l\u1ecbch m\u00e0u kem<\/strong>\u00a0n\u00e0y, b\u1ea1n c\u00f3 th\u1ec3 tham kh\u1ea3o c\u00e1c c\u00e1ch ph\u1ed1i sau:<button class=\"rBl3me\" tabindex=\"0\" data-amic=\"true\" data-icl-uuid=\"ec68567f-2c5c-46d8-bc96-8b460bb76f71\" aria-label=\"Xem c\u00e1c \u0111\u01b0\u1eddng li\u00ean k\u1ebft c\u00f3 li\u00ean quan\" data-wiz-attrbind=\"disabled=DGfN5d_2q\/C5gNJc;aria-label=DGfN5d_2q\/bOjMyf;class=DGfN5d_2q\/UpSNec\" data-ved=\"2ahUKEwiqyommwu-TAxVXqVYBHULHO7UQye0OegYIAQgPEAE\" data-hveid=\"CAEIDxAB\"><\/button><\/div>\n<ul class=\"KsbFXc U6u95\" data-sfc-root=\"c\" data-sfc-cb=\"\" data-complete=\"true\" data-processed=\"true\">\n<li class=\"dF3vjf\" data-sfc-root=\"c\" data-sfc-cb=\"\" data-hveid=\"CAEIEBAA\" data-complete=\"true\" data-sae=\"\"><span class=\"T286Pc\" data-sfc-cp=\"\" data-sfc-root=\"c\" data-sfc-cb=\"\" data-complete=\"true\"><strong class=\"Yjhzub\" data-sfc-root=\"c\" data-sfc-cb=\"\" data-complete=\"true\">Phong c\u00e1ch n\u1eef t\u00ednh:<\/strong>\u00a0K\u1ebft h\u1ee3p c\u00f9ng m\u1ed9t chi\u1ebfc \u0111ai l\u01b0ng m\u1ea3nh v\u00e0 gi\u00e0y cao g\u00f3t m\u00e0u nude.<\/span><\/li>\n<li class=\"dF3vjf\" data-sfc-root=\"c\" data-sfc-cb=\"\" data-hveid=\"CAEIEBAB\" data-complete=\"true\" data-sae=\"\"><span class=\"T286Pc\" data-sfc-cp=\"\" data-sfc-root=\"c\" data-sfc-cb=\"\" data-complete=\"true\"><strong class=\"Yjhzub\" data-sfc-root=\"c\" data-sfc-cb=\"\" data-complete=\"true\">Phong c\u00e1ch hi\u1ec7n \u0111\u1ea1i:<\/strong>\u00a0Ph\u1ed1i c\u00f9ng t\u00fai x\u00e1ch tay t\u1ed1i m\u00e0u v\u00e0 \u0111\u00f4i b\u00f4ng tai ng\u1ecdc trai l\u00e0m \u0111i\u1ec3m nh\u1ea5n.<\/span><\/li>\n<li class=\"dF3vjf\" data-sfc-root=\"c\" data-sfc-cb=\"\" data-hveid=\"CAEIEBAC\" data-complete=\"true\" data-sae=\"\"><span class=\"T286Pc\" data-sfc-cp=\"\" data-sfc-root=\"c\" data-sfc-cb=\"\" data-complete=\"true\" aria-owns=\"action-menu-parent-container\"><strong class=\"Yjhzub\" data-sfc-root=\"c\" data-sfc-cb=\"\" data-complete=\"true\">\u0110i ch\u01a1i\/D\u1ea1o ph\u1ed1:<\/strong>\u00a0M\u1ed9t chi\u1ebfc m\u0169 r\u1ed9ng v\u00e0nh v\u00e0 sandals quai m\u1ea3nh s\u1ebd l\u00e0 l\u1ef1a ch\u1ecdn tuy\u1ec7t v\u1eddi.<\/span><\/li>\n<\/ul>\n<\/div>\n<\/div>\n<p><strong>PRODUCT DETAILS:\u00a0<\/strong>\u0110\u1ea7m thanh l\u1ecbch<\/p>\n<p><strong>TH\u00d4NG S\u1ed0 S\u1ea2N PH\u1ea8M<\/strong><\/p>\n<p><strong>Ch\u1ea5t li\u1ec7u:<\/strong>\u00a0Cotton G\u00e2n<\/p>\n<p><strong>M\u00e0u s\u1eafc:\u00a0<\/strong>Kem<\/p>\n<p><strong>Size:<\/strong>\u00a0Size S: Ng\u1ef1c 82-84, Eo 66-68, M\u00f4ng 88-90<\/p>\n<p>Size M: Ng\u1ef1c 86-88, Eo 70-72, M\u00f4ng 90-92<\/p>\n<p>Size L:\u00a0Ng\u1ef1c 90-92, Eo 74-76, M\u00f4ng 94-96<\/p>\n<p><strong>KH\u00c1CH H\u00c0NG L\u01afU \u00dd:<\/strong><\/p>\n<p>&#8211; B\u1ea3ng size chart ch\u1ec9 mang t\u00ednh ch\u1ea5t tham kh\u1ea3o, t\u00f9y thu\u1ed9c v\u00e0o s\u1ed1 \u0111o c\u01a1 th\u1ec3 v\u00e0 ch\u1ea5t li\u1ec7u v\u1ea3i kh\u00e1c nhau s\u1ebd c\u00f3 s\u1ef1 ch\u00eanh l\u1ec7ch nh\u1ea5t \u0111\u1ecbnh.<\/p>\n<p>&#8211; M\u00e0u s\u1eafc v\u1ea3i c\u1ee7a s\u1ea3n ph\u1ea9m c\u00f3 th\u1ec3 s\u1ebd ch\u00eanh l\u1ec7ch th\u1ef1c t\u1ebf m\u1ed9t ph\u1ea7n nh\u1ecf, do \u1ea3nh h\u01b0\u1edfng v\u1ec1 \u0111\u1ed9 l\u1ec7ch m\u00e0u c\u1ee7a \u00e1nh s\u00e1ng nh\u01b0ng v\u1eabn \u0111\u1ea3m b\u1ea3o ch\u1ea5t l\u01b0\u1ee3ng.<\/p>\n<p>*** Vui l\u00f2ng inbox LUNA CLOSET \u0111\u1ec3 \u0111\u01b0\u1ee3c t\u01b0 v\u1ea5n ch\u00ednh x\u00e1c h\u01a1n<\/p>\n<p><a href=\"https:\/\/bbstores.vn\/collections\/dam-xoe?srsltid=AfmBOoqQ_sQzyxrCZyVLFIa5JBGlBz2O9eTav_8YGopX6W0kiCry3Woy\">https:\/\/bbstores.vn\/collections\/dam-xoe?srsltid=AfmBOoqQ_sQzyxrCZyVLFIa5JBGlBz2O9eTav_8YGopX6W0kiCry3Woy<\/a><\/p>\n<p><img loading=\"lazy\" decoding=\"async\" class=\"alignnone wp-image-126 size-full\" src=\"https:\/\/amazon.azdigi.shop\/wp-content\/uploads\/2026\/03\/sp11-a1.png\" alt=\"\u0111\u1ea7m thanh l\u1ecbch m\u00e0u kem cotton g\u00e2n gladiolus dress\" width=\"717\" height=\"901\" srcset=\"https:\/\/amazon.azdigi.shop\/wp-content\/uploads\/2026\/03\/sp11-a1.png 717w, https:\/\/amazon.azdigi.shop\/wp-content\/uploads\/2026\/03\/sp11-a1-239x300.png 239w, https:\/\/amazon.azdigi.shop\/wp-content\/uploads\/2026\/03\/sp11-a1-600x754.png 600w\" sizes=\"auto, (max-width: 717px) 100vw, 717px\" \/><\/p>\n","protected":false},"excerpt":{"rendered":"<p>T\u1ea1i sao Gladiolus Dress l\u00e0 l\u1ef1a ch\u1ecdn h\u00e0ng \u0111\u1ea7u cho qu\u00fd c\u00f4 thanh l\u1ecbch? Thi\u1ebft k\u1ebf t\u00f4n d\u00e1ng, sang tr\u1ecdng\u0110\u00fang nh\u01b0 t\u00ean g\u1ecdi c\u1ee7a lo\u00e0i hoa lay \u01a1n m\u1ea1nh m\u1ebd v\u00e0 ki\u00eau sa, \u00a0t\u1ea1i Luna Closet \u0111\u01b0\u1ee3c thi\u1ebft k\u1ebf \u0111\u1ec3 t\u00f4n vinh n\u00e9t \u0111\u1eb9p thanh l\u1ecbch c\u1ee7a ph\u00e1i n\u1eef. V\u1edbi form d\u00e1ng d\u00e0i su\u00f4ng nh\u1eb9, [&#8230;]\n","protected":false},"featured_media":126,"comment_status":"open","ping_status":"closed","template":"","meta":[],"product_brand":[],"product_cat":[39,27,30,20,53,16,46,32,29,34,36,33,55],"product_tag":[],"class_list":{"0":"post-125","1":"product","2":"type-product","3":"status-publish","4":"has-post-thumbnail","6":"product_cat-a-day-with-labby","7":"product_cat-cherish","8":"product_cat-coastal-muse","9":"product_cat-dam","10":"product_cat-dam-du-tiec","11":"product_cat-dam-midi-dam","12":"product_cat-dam-midi","13":"product_cat-dream-closet","14":"product_cat-in-her-stillness","15":"product_cat-luminious-spring","16":"product_cat-parisian-collection","17":"product_cat-rose-allure","18":"product_cat-vay-midi","20":"first","21":"instock","22":"sale","23":"shipping-taxable","24":"purchasable","25":"product-type-variable"},"yoast_head":"<!-- This site is optimized with the Yoast SEO plugin v27.2 - https:\/\/yoast.com\/product\/yoast-seo-wordpress\/ -->\n<title>GLADIOLUS DRESS LUNA CLOSET - lunacloset<\/title>\n<meta name=\"description\" content=\"Mua ngay Gladiolus Dress - \u0111\u1ea7m thanh l\u1ecbch m\u00e0u kem t\u1eeb Luna Closet. Ch\u1ea5t li\u1ec7u cotton g\u00e2n cao c\u1ea5p, t\u00f4n d\u00e1ng, \u0111\u1ee7 size S M L. Thi\u1ebft k\u1ebf sang tr\u1ecdng cho m\u1ecdi d\u1ecbp!\" \/>\n<meta name=\"robots\" content=\"index, follow, max-snippet:-1, max-image-preview:large, max-video-preview:-1\" \/>\n<link rel=\"canonical\" href=\"https:\/\/amazon.azdigi.shop\/index.php\/product\/gladiolus-dress\/\" \/>\n<meta property=\"og:locale\" content=\"en_US\" \/>\n<meta property=\"og:type\" content=\"article\" \/>\n<meta property=\"og:title\" content=\"GLADIOLUS DRESS LUNA CLOSET - lunacloset\" \/>\n<meta property=\"og:description\" content=\"Mua ngay Gladiolus Dress - \u0111\u1ea7m thanh l\u1ecbch m\u00e0u kem t\u1eeb Luna Closet. Ch\u1ea5t li\u1ec7u cotton g\u00e2n cao c\u1ea5p, t\u00f4n d\u00e1ng, \u0111\u1ee7 size S M L. Thi\u1ebft k\u1ebf sang tr\u1ecdng cho m\u1ecdi d\u1ecbp!\" \/>\n<meta property=\"og:url\" content=\"https:\/\/amazon.azdigi.shop\/index.php\/product\/gladiolus-dress\/\" \/>\n<meta property=\"og:site_name\" content=\"lunacloset\" \/>\n<meta property=\"article:modified_time\" content=\"2026-04-18T09:47:58+00:00\" \/>\n<meta property=\"og:image\" content=\"https:\/\/amazon.azdigi.shop\/wp-content\/uploads\/2026\/03\/sp11-a1.png?wsr\" \/>\n\t<meta property=\"og:image:width\" content=\"717\" \/>\n\t<meta property=\"og:image:height\" content=\"901\" \/>\n\t<meta property=\"og:image:type\" content=\"image\/png\" \/>\n<meta name=\"twitter:card\" content=\"summary_large_image\" \/>\n<meta name=\"twitter:label1\" content=\"Est. reading time\" \/>\n\t<meta name=\"twitter:data1\" content=\"3 minutes\" \/>\n<script type=\"application\/ld+json\" class=\"yoast-schema-graph\">{\"@context\":\"https:\/\/schema.org\",\"@graph\":[{\"@type\":\"WebPage\",\"@id\":\"https:\/\/amazon.azdigi.shop\/index.php\/product\/gladiolus-dress\/\",\"url\":\"https:\/\/amazon.azdigi.shop\/index.php\/product\/gladiolus-dress\/\",\"name\":\"GLADIOLUS DRESS LUNA CLOSET - lunacloset\",\"isPartOf\":{\"@id\":\"https:\/\/amazon.azdigi.shop\/#website\"},\"primaryImageOfPage\":{\"@id\":\"https:\/\/amazon.azdigi.shop\/index.php\/product\/gladiolus-dress\/#primaryimage\"},\"image\":{\"@id\":\"https:\/\/amazon.azdigi.shop\/index.php\/product\/gladiolus-dress\/#primaryimage\"},\"thumbnailUrl\":\"https:\/\/amazon.azdigi.shop\/wp-content\/uploads\/2026\/03\/sp11-a1.png?wsr\",\"datePublished\":\"2026-03-21T18:26:26+00:00\",\"dateModified\":\"2026-04-18T09:47:58+00:00\",\"description\":\"Mua ngay Gladiolus Dress - \u0111\u1ea7m thanh l\u1ecbch m\u00e0u kem t\u1eeb Luna Closet. Ch\u1ea5t li\u1ec7u cotton g\u00e2n cao c\u1ea5p, t\u00f4n d\u00e1ng, \u0111\u1ee7 size S M L. Thi\u1ebft k\u1ebf sang tr\u1ecdng cho m\u1ecdi d\u1ecbp!\",\"breadcrumb\":{\"@id\":\"https:\/\/amazon.azdigi.shop\/index.php\/product\/gladiolus-dress\/#breadcrumb\"},\"inLanguage\":\"en-US\",\"potentialAction\":[{\"@type\":\"ReadAction\",\"target\":[\"https:\/\/amazon.azdigi.shop\/index.php\/product\/gladiolus-dress\/\"]}]},{\"@type\":\"ImageObject\",\"inLanguage\":\"en-US\",\"@id\":\"https:\/\/amazon.azdigi.shop\/index.php\/product\/gladiolus-dress\/#primaryimage\",\"url\":\"https:\/\/amazon.azdigi.shop\/wp-content\/uploads\/2026\/03\/sp11-a1.png?wsr\",\"contentUrl\":\"https:\/\/amazon.azdigi.shop\/wp-content\/uploads\/2026\/03\/sp11-a1.png?wsr\",\"width\":717,\"height\":901,\"caption\":\"\u0111\u1ea7m thanh l\u1ecbch m\u00e0u kem cotton g\u00e2n gladiolus dress\"},{\"@type\":\"BreadcrumbList\",\"@id\":\"https:\/\/amazon.azdigi.shop\/index.php\/product\/gladiolus-dress\/#breadcrumb\",\"itemListElement\":[{\"@type\":\"ListItem\",\"position\":1,\"name\":\"Home\",\"item\":\"https:\/\/amazon.azdigi.shop\/\"},{\"@type\":\"ListItem\",\"position\":2,\"name\":\"Shop\",\"item\":\"https:\/\/amazon.azdigi.shop\/index.php\/shop\/\"},{\"@type\":\"ListItem\",\"position\":3,\"name\":\"GLADIOLUS DRESS LUNA CLOSET\"}]},{\"@type\":\"WebSite\",\"@id\":\"https:\/\/amazon.azdigi.shop\/#website\",\"url\":\"https:\/\/amazon.azdigi.shop\/\",\"name\":\"lunacloset\",\"description\":\"\",\"potentialAction\":[{\"@type\":\"SearchAction\",\"target\":{\"@type\":\"EntryPoint\",\"urlTemplate\":\"https:\/\/amazon.azdigi.shop\/?s={search_term_string}\"},\"query-input\":{\"@type\":\"PropertyValueSpecification\",\"valueRequired\":true,\"valueName\":\"search_term_string\"}}],\"inLanguage\":\"en-US\"}]}<\/script>\n<!-- \/ Yoast SEO plugin. -->","yoast_head_json":{"title":"GLADIOLUS DRESS LUNA CLOSET - lunacloset","description":"Mua ngay Gladiolus Dress - \u0111\u1ea7m thanh l\u1ecbch m\u00e0u kem t\u1eeb Luna Closet. Ch\u1ea5t li\u1ec7u cotton g\u00e2n cao c\u1ea5p, t\u00f4n d\u00e1ng, \u0111\u1ee7 size S M L. Thi\u1ebft k\u1ebf sang tr\u1ecdng cho m\u1ecdi d\u1ecbp!","robots":{"index":"index","follow":"follow","max-snippet":"max-snippet:-1","max-image-preview":"max-image-preview:large","max-video-preview":"max-video-preview:-1"},"canonical":"https:\/\/amazon.azdigi.shop\/index.php\/product\/gladiolus-dress\/","og_locale":"en_US","og_type":"article","og_title":"GLADIOLUS DRESS LUNA CLOSET - lunacloset","og_description":"Mua ngay Gladiolus Dress - \u0111\u1ea7m thanh l\u1ecbch m\u00e0u kem t\u1eeb Luna Closet. Ch\u1ea5t li\u1ec7u cotton g\u00e2n cao c\u1ea5p, t\u00f4n d\u00e1ng, \u0111\u1ee7 size S M L. Thi\u1ebft k\u1ebf sang tr\u1ecdng cho m\u1ecdi d\u1ecbp!","og_url":"https:\/\/amazon.azdigi.shop\/index.php\/product\/gladiolus-dress\/","og_site_name":"lunacloset","article_modified_time":"2026-04-18T09:47:58+00:00","og_image":[{"width":717,"height":901,"url":"https:\/\/amazon.azdigi.shop\/wp-content\/uploads\/2026\/03\/sp11-a1.png?wsr","type":"image\/png"}],"twitter_card":"summary_large_image","twitter_misc":{"Est. reading time":"3 minutes"},"schema":{"@context":"https:\/\/schema.org","@graph":[{"@type":"WebPage","@id":"https:\/\/amazon.azdigi.shop\/index.php\/product\/gladiolus-dress\/","url":"https:\/\/amazon.azdigi.shop\/index.php\/product\/gladiolus-dress\/","name":"GLADIOLUS DRESS LUNA CLOSET - lunacloset","isPartOf":{"@id":"https:\/\/amazon.azdigi.shop\/#website"},"primaryImageOfPage":{"@id":"https:\/\/amazon.azdigi.shop\/index.php\/product\/gladiolus-dress\/#primaryimage"},"image":{"@id":"https:\/\/amazon.azdigi.shop\/index.php\/product\/gladiolus-dress\/#primaryimage"},"thumbnailUrl":"https:\/\/amazon.azdigi.shop\/wp-content\/uploads\/2026\/03\/sp11-a1.png?wsr","datePublished":"2026-03-21T18:26:26+00:00","dateModified":"2026-04-18T09:47:58+00:00","description":"Mua ngay Gladiolus Dress - \u0111\u1ea7m thanh l\u1ecbch m\u00e0u kem t\u1eeb Luna Closet. Ch\u1ea5t li\u1ec7u cotton g\u00e2n cao c\u1ea5p, t\u00f4n d\u00e1ng, \u0111\u1ee7 size S M L. Thi\u1ebft k\u1ebf sang tr\u1ecdng cho m\u1ecdi d\u1ecbp!","breadcrumb":{"@id":"https:\/\/amazon.azdigi.shop\/index.php\/product\/gladiolus-dress\/#breadcrumb"},"inLanguage":"en-US","potentialAction":[{"@type":"ReadAction","target":["https:\/\/amazon.azdigi.shop\/index.php\/product\/gladiolus-dress\/"]}]},{"@type":"ImageObject","inLanguage":"en-US","@id":"https:\/\/amazon.azdigi.shop\/index.php\/product\/gladiolus-dress\/#primaryimage","url":"https:\/\/amazon.azdigi.shop\/wp-content\/uploads\/2026\/03\/sp11-a1.png?wsr","contentUrl":"https:\/\/amazon.azdigi.shop\/wp-content\/uploads\/2026\/03\/sp11-a1.png?wsr","width":717,"height":901,"caption":"\u0111\u1ea7m thanh l\u1ecbch m\u00e0u kem cotton g\u00e2n gladiolus dress"},{"@type":"BreadcrumbList","@id":"https:\/\/amazon.azdigi.shop\/index.php\/product\/gladiolus-dress\/#breadcrumb","itemListElement":[{"@type":"ListItem","position":1,"name":"Home","item":"https:\/\/amazon.azdigi.shop\/"},{"@type":"ListItem","position":2,"name":"Shop","item":"https:\/\/amazon.azdigi.shop\/index.php\/shop\/"},{"@type":"ListItem","position":3,"name":"GLADIOLUS DRESS LUNA CLOSET"}]},{"@type":"WebSite","@id":"https:\/\/amazon.azdigi.shop\/#website","url":"https:\/\/amazon.azdigi.shop\/","name":"lunacloset","description":"","potentialAction":[{"@type":"SearchAction","target":{"@type":"EntryPoint","urlTemplate":"https:\/\/amazon.azdigi.shop\/?s={search_term_string}"},"query-input":{"@type":"PropertyValueSpecification","valueRequired":true,"valueName":"search_term_string"}}],"inLanguage":"en-US"}]}},"_links":{"self":[{"href":"https:\/\/amazon.azdigi.shop\/index.php\/wp-json\/wp\/v2\/product\/125","targetHints":{"allow":["GET"]}}],"collection":[{"href":"https:\/\/amazon.azdigi.shop\/index.php\/wp-json\/wp\/v2\/product"}],"about":[{"href":"https:\/\/amazon.azdigi.shop\/index.php\/wp-json\/wp\/v2\/types\/product"}],"replies":[{"embeddable":true,"href":"https:\/\/amazon.azdigi.shop\/index.php\/wp-json\/wp\/v2\/comments?post=125"}],"wp:featuredmedia":[{"embeddable":true,"href":"https:\/\/amazon.azdigi.shop\/index.php\/wp-json\/wp\/v2\/media\/126"}],"wp:attachment":[{"href":"https:\/\/amazon.azdigi.shop\/index.php\/wp-json\/wp\/v2\/media?parent=125"}],"wp:term":[{"taxonomy":"product_brand","embeddable":true,"href":"https:\/\/amazon.azdigi.shop\/index.php\/wp-json\/wp\/v2\/product_brand?post=125"},{"taxonomy":"product_cat","embeddable":true,"href":"https:\/\/amazon.azdigi.shop\/index.php\/wp-json\/wp\/v2\/product_cat?post=125"},{"taxonomy":"product_tag","embeddable":true,"href":"https:\/\/amazon.azdigi.shop\/index.php\/wp-json\/wp\/v2\/product_tag?post=125"}],"curies":[{"name":"wp","href":"https:\/\/api.w.org\/{rel}","templated":true}]}}