{"id":287,"date":"2026-04-03T08:29:02","date_gmt":"2026-04-03T08:29:02","guid":{"rendered":"https:\/\/amazon.azdigi.shop\/?page_id=287"},"modified":"2026-04-10T19:11:40","modified_gmt":"2026-04-10T19:11:40","slug":"he-thong-cua-hang","status":"publish","type":"page","link":"https:\/\/amazon.azdigi.shop\/index.php\/he-thong-cua-hang\/","title":{"rendered":"H\u1ec6 TH\u1ed0NG C\u1eecA H\u00c0NG"},"content":{"rendered":"<div class=\"heading-page\">\n<h1><span style=\"font-family: 'times new roman', times, serif; font-size: 120%;\">H\u1ec6 TH\u1ed0NG C\u1eecA H\u00c0NG<\/span><\/h1>\n<\/div>\n<div class=\"wrapbox-content-page\">\n<div class=\"content-page \">\n<p><span style=\"font-family: 'times new roman', times, serif; font-size: 120%;\">Sau 5 n\u0103m ph\u00e1t tri\u1ec3n, LUNA CLOSET \u0111\u00e3 c\u00f3 nh\u1eefng c\u1eeda h\u00e0ng t\u1ea1i:\u00a0<\/span><\/p>\n<p><span style=\"font-family: 'times new roman', times, serif; font-size: 120%;\"><strong>Chi nh\u00e1nh HCM:\u00a0<\/strong><\/span><\/p>\n<p><span style=\"font-family: 'times new roman', times, serif; font-size: 120%;\">32 Nguy\u1ec5n Tr\u00e3i, Ph\u01b0\u1eddng B\u1ebfn Th\u00e0nh, Qu\u1eadn 1, Th\u00e0nh ph\u1ed1 H\u1ed3 Ch\u00ed Minh, Vi\u1ec7t Nam<\/span><\/p>\n<p><span style=\"font-family: 'times new roman', times, serif; font-size: 120%;\">T\u1ea7ng B2, Vincom Center \u0110\u1ed3ng Kh\u1edfi, 72 L\u00ea Th\u00e1nh T\u00f4n | 47 L\u00fd T\u1ef1 Tr\u1ecdng, Ph\u01b0\u1eddng B\u1ebfn Ngh\u00e9, Qu\u1eadn 1, Th\u00e0nh Ph\u1ed1 H\u1ed3 Ch\u00ed Minh\u00a0<\/span><\/p>\n<p>&nbsp;<\/p>\n<div>\n<div><span style=\"font-family: 'times new roman', times, serif; font-size: 120%;\"><strong>Chi nh\u00e1nh H\u00e0 N\u1ed9i:<\/strong><\/span><\/div>\n<p><span style=\"font-family: 'times new roman', times, serif; font-size: 120%;\">246 B\u00e0 Tri\u1ec7u, Ph\u01b0\u1eddng L\u00ea \u0110\u1ea1i H\u00e0nh, Qu\u1eadn Hai B\u00e0 Tr\u01b0ng, H\u00e0 N\u1ed9i, Vi\u1ec7t Nam<\/span><\/p>\n<p>&nbsp;<\/p>\n<p><span style=\"font-family: 'times new roman', times, serif; font-size: 120%;\"><strong>Chi nh\u00e1nh H\u1ea3i Ph\u00f2ng:<\/strong><\/span><\/p>\n<p><span style=\"font-family: 'times new roman', times, serif; font-size: 120%;\">T\u1ea7ng 2, TTTM Vincom Imperia H\u1ea3i Ph\u00f2ng, ph\u01b0\u1eddng Th\u01b0\u1ee3ng L\u00fd, Qu\u1eadn H\u1ed3ng B\u00e0ng<\/span><\/p>\n<\/div>\n<div><img loading=\"lazy\" decoding=\"async\" class=\"alignnone size-full wp-image-430\" src=\"https:\/\/amazon.azdigi.shop\/wp-content\/uploads\/2026\/04\/web_ngang21_d3fec5c40694415d86e00bceb2f9918f.jpg\" alt=\"\" width=\"2048\" height=\"869\" srcset=\"https:\/\/amazon.azdigi.shop\/wp-content\/uploads\/2026\/04\/web_ngang21_d3fec5c40694415d86e00bceb2f9918f.jpg 2048w, https:\/\/amazon.azdigi.shop\/wp-content\/uploads\/2026\/04\/web_ngang21_d3fec5c40694415d86e00bceb2f9918f-300x127.jpg 300w, https:\/\/amazon.azdigi.shop\/wp-content\/uploads\/2026\/04\/web_ngang21_d3fec5c40694415d86e00bceb2f9918f-1024x435.jpg 1024w, https:\/\/amazon.azdigi.shop\/wp-content\/uploads\/2026\/04\/web_ngang21_d3fec5c40694415d86e00bceb2f9918f-768x326.jpg 768w, https:\/\/amazon.azdigi.shop\/wp-content\/uploads\/2026\/04\/web_ngang21_d3fec5c40694415d86e00bceb2f9918f-1536x652.jpg 1536w, https:\/\/amazon.azdigi.shop\/wp-content\/uploads\/2026\/04\/web_ngang21_d3fec5c40694415d86e00bceb2f9918f-600x255.jpg 600w\" sizes=\"auto, (max-width: 2048px) 100vw, 2048px\" \/><img loading=\"lazy\" decoding=\"async\" class=\"alignnone size-full wp-image-432\" src=\"https:\/\/amazon.azdigi.shop\/wp-content\/uploads\/2026\/04\/web_ngang19_4450933a7c3643b9b823d2568101444f.jpg\" alt=\"\" width=\"2048\" height=\"869\" srcset=\"https:\/\/amazon.azdigi.shop\/wp-content\/uploads\/2026\/04\/web_ngang19_4450933a7c3643b9b823d2568101444f.jpg 2048w, https:\/\/amazon.azdigi.shop\/wp-content\/uploads\/2026\/04\/web_ngang19_4450933a7c3643b9b823d2568101444f-300x127.jpg 300w, https:\/\/amazon.azdigi.shop\/wp-content\/uploads\/2026\/04\/web_ngang19_4450933a7c3643b9b823d2568101444f-1024x435.jpg 1024w, https:\/\/amazon.azdigi.shop\/wp-content\/uploads\/2026\/04\/web_ngang19_4450933a7c3643b9b823d2568101444f-768x326.jpg 768w, https:\/\/amazon.azdigi.shop\/wp-content\/uploads\/2026\/04\/web_ngang19_4450933a7c3643b9b823d2568101444f-1536x652.jpg 1536w, https:\/\/amazon.azdigi.shop\/wp-content\/uploads\/2026\/04\/web_ngang19_4450933a7c3643b9b823d2568101444f-600x255.jpg 600w\" sizes=\"auto, (max-width: 2048px) 100vw, 2048px\" \/> <img loading=\"lazy\" decoding=\"async\" class=\"alignnone size-full wp-image-433\" src=\"https:\/\/amazon.azdigi.shop\/wp-content\/uploads\/2026\/04\/web_ngang20_5b252d18ac9340098fedbae44fd5c9c9.jpg\" alt=\"\" width=\"2048\" height=\"869\" srcset=\"https:\/\/amazon.azdigi.shop\/wp-content\/uploads\/2026\/04\/web_ngang20_5b252d18ac9340098fedbae44fd5c9c9.jpg 2048w, https:\/\/amazon.azdigi.shop\/wp-content\/uploads\/2026\/04\/web_ngang20_5b252d18ac9340098fedbae44fd5c9c9-300x127.jpg 300w, https:\/\/amazon.azdigi.shop\/wp-content\/uploads\/2026\/04\/web_ngang20_5b252d18ac9340098fedbae44fd5c9c9-1024x435.jpg 1024w, https:\/\/amazon.azdigi.shop\/wp-content\/uploads\/2026\/04\/web_ngang20_5b252d18ac9340098fedbae44fd5c9c9-768x326.jpg 768w, https:\/\/amazon.azdigi.shop\/wp-content\/uploads\/2026\/04\/web_ngang20_5b252d18ac9340098fedbae44fd5c9c9-1536x652.jpg 1536w, https:\/\/amazon.azdigi.shop\/wp-content\/uploads\/2026\/04\/web_ngang20_5b252d18ac9340098fedbae44fd5c9c9-600x255.jpg 600w\" sizes=\"auto, (max-width: 2048px) 100vw, 2048px\" \/><\/div>\n<\/div>\n<\/div>\n","protected":false},"excerpt":{"rendered":"<p>H\u1ec6 TH\u1ed0NG C\u1eecA H\u00c0NG Sau 5 n\u0103m ph\u00e1t tri\u1ec3n, LUNA CLOSET \u0111\u00e3 c\u00f3 nh\u1eefng c\u1eeda h\u00e0ng t\u1ea1i:\u00a0 Chi nh\u00e1nh HCM:\u00a0 32 Nguy\u1ec5n Tr\u00e3i, Ph\u01b0\u1eddng B\u1ebfn Th\u00e0nh, Qu\u1eadn 1, Th\u00e0nh ph\u1ed1 H\u1ed3 Ch\u00ed Minh, Vi\u1ec7t Nam T\u1ea7ng B2, Vincom Center \u0110\u1ed3ng Kh\u1edfi, 72 L\u00ea Th\u00e1nh T\u00f4n | 47 L\u00fd T\u1ef1 Tr\u1ecdng, Ph\u01b0\u1eddng B\u1ebfn Ngh\u00e9, Qu\u1eadn 1, [&#8230;]\n","protected":false},"author":1,"featured_media":0,"parent":0,"menu_order":0,"comment_status":"closed","ping_status":"closed","template":"","meta":{"footnotes":""},"class_list":["post-287","page","type-page","status-publish","hentry"],"yoast_head":"<!-- This site is optimized with the Yoast SEO plugin v27.2 - https:\/\/yoast.com\/product\/yoast-seo-wordpress\/ -->\n<title>H\u1ec6 TH\u1ed0NG C\u1eecA H\u00c0NG - lunacloset<\/title>\n<meta name=\"robots\" content=\"index, follow, max-snippet:-1, max-image-preview:large, max-video-preview:-1\" \/>\n<link rel=\"canonical\" href=\"https:\/\/amazon.azdigi.shop\/index.php\/he-thong-cua-hang\/\" \/>\n<meta property=\"og:locale\" content=\"en_US\" \/>\n<meta property=\"og:type\" content=\"article\" \/>\n<meta property=\"og:title\" content=\"H\u1ec6 TH\u1ed0NG C\u1eecA H\u00c0NG - lunacloset\" \/>\n<meta property=\"og:description\" content=\"H\u1ec6 TH\u1ed0NG C\u1eecA H\u00c0NG Sau 5 n\u0103m ph\u00e1t tri\u1ec3n, LUNA CLOSET \u0111\u00e3 c\u00f3 nh\u1eefng c\u1eeda h\u00e0ng t\u1ea1i:\u00a0 Chi nh\u00e1nh HCM:\u00a0 32 Nguy\u1ec5n Tr\u00e3i, Ph\u01b0\u1eddng B\u1ebfn Th\u00e0nh, Qu\u1eadn 1, Th\u00e0nh ph\u1ed1 H\u1ed3 Ch\u00ed Minh, Vi\u1ec7t Nam T\u1ea7ng B2, Vincom Center \u0110\u1ed3ng Kh\u1edfi, 72 L\u00ea Th\u00e1nh T\u00f4n | 47 L\u00fd T\u1ef1 Tr\u1ecdng, Ph\u01b0\u1eddng B\u1ebfn Ngh\u00e9, Qu\u1eadn 1, [...]\" \/>\n<meta property=\"og:url\" content=\"https:\/\/amazon.azdigi.shop\/index.php\/he-thong-cua-hang\/\" \/>\n<meta property=\"og:site_name\" content=\"lunacloset\" \/>\n<meta property=\"article:modified_time\" content=\"2026-04-10T19:11:40+00:00\" \/>\n<meta property=\"og:image\" content=\"https:\/\/amazon.azdigi.shop\/wp-content\/uploads\/2026\/04\/web_ngang21_d3fec5c40694415d86e00bceb2f9918f.jpg?wsr\" \/>\n\t<meta property=\"og:image:width\" content=\"2048\" \/>\n\t<meta property=\"og:image:height\" content=\"869\" \/>\n\t<meta property=\"og:image:type\" content=\"image\/jpeg\" \/>\n<meta name=\"twitter:card\" content=\"summary_large_image\" \/>\n<meta name=\"twitter:label1\" content=\"Est. reading time\" \/>\n\t<meta name=\"twitter:data1\" content=\"2 minutes\" \/>\n<script type=\"application\/ld+json\" class=\"yoast-schema-graph\">{\"@context\":\"https:\/\/schema.org\",\"@graph\":[{\"@type\":\"WebPage\",\"@id\":\"https:\/\/amazon.azdigi.shop\/index.php\/he-thong-cua-hang\/\",\"url\":\"https:\/\/amazon.azdigi.shop\/index.php\/he-thong-cua-hang\/\",\"name\":\"H\u1ec6 TH\u1ed0NG C\u1eecA H\u00c0NG - lunacloset\",\"isPartOf\":{\"@id\":\"https:\/\/amazon.azdigi.shop\/#website\"},\"primaryImageOfPage\":{\"@id\":\"https:\/\/amazon.azdigi.shop\/index.php\/he-thong-cua-hang\/#primaryimage\"},\"image\":{\"@id\":\"https:\/\/amazon.azdigi.shop\/index.php\/he-thong-cua-hang\/#primaryimage\"},\"thumbnailUrl\":\"https:\/\/amazon.azdigi.shop\/wp-content\/uploads\/2026\/04\/web_ngang21_d3fec5c40694415d86e00bceb2f9918f.jpg\",\"datePublished\":\"2026-04-03T08:29:02+00:00\",\"dateModified\":\"2026-04-10T19:11:40+00:00\",\"breadcrumb\":{\"@id\":\"https:\/\/amazon.azdigi.shop\/index.php\/he-thong-cua-hang\/#breadcrumb\"},\"inLanguage\":\"en-US\",\"potentialAction\":[{\"@type\":\"ReadAction\",\"target\":[\"https:\/\/amazon.azdigi.shop\/index.php\/he-thong-cua-hang\/\"]}]},{\"@type\":\"ImageObject\",\"inLanguage\":\"en-US\",\"@id\":\"https:\/\/amazon.azdigi.shop\/index.php\/he-thong-cua-hang\/#primaryimage\",\"url\":\"https:\/\/amazon.azdigi.shop\/wp-content\/uploads\/2026\/04\/web_ngang21_d3fec5c40694415d86e00bceb2f9918f.jpg?wsr\",\"contentUrl\":\"https:\/\/amazon.azdigi.shop\/wp-content\/uploads\/2026\/04\/web_ngang21_d3fec5c40694415d86e00bceb2f9918f.jpg?wsr\",\"width\":2048,\"height\":869},{\"@type\":\"BreadcrumbList\",\"@id\":\"https:\/\/amazon.azdigi.shop\/index.php\/he-thong-cua-hang\/#breadcrumb\",\"itemListElement\":[{\"@type\":\"ListItem\",\"position\":1,\"name\":\"Home\",\"item\":\"https:\/\/amazon.azdigi.shop\/\"},{\"@type\":\"ListItem\",\"position\":2,\"name\":\"H\u1ec6 TH\u1ed0NG C\u1eecA H\u00c0NG\"}]},{\"@type\":\"WebSite\",\"@id\":\"https:\/\/amazon.azdigi.shop\/#website\",\"url\":\"https:\/\/amazon.azdigi.shop\/\",\"name\":\"lunacloset\",\"description\":\"\",\"potentialAction\":[{\"@type\":\"SearchAction\",\"target\":{\"@type\":\"EntryPoint\",\"urlTemplate\":\"https:\/\/amazon.azdigi.shop\/?s={search_term_string}\"},\"query-input\":{\"@type\":\"PropertyValueSpecification\",\"valueRequired\":true,\"valueName\":\"search_term_string\"}}],\"inLanguage\":\"en-US\"}]}<\/script>\n<!-- \/ Yoast SEO plugin. -->","yoast_head_json":{"title":"H\u1ec6 TH\u1ed0NG C\u1eecA H\u00c0NG - lunacloset","robots":{"index":"index","follow":"follow","max-snippet":"max-snippet:-1","max-image-preview":"max-image-preview:large","max-video-preview":"max-video-preview:-1"},"canonical":"https:\/\/amazon.azdigi.shop\/index.php\/he-thong-cua-hang\/","og_locale":"en_US","og_type":"article","og_title":"H\u1ec6 TH\u1ed0NG C\u1eecA H\u00c0NG - lunacloset","og_description":"H\u1ec6 TH\u1ed0NG C\u1eecA H\u00c0NG Sau 5 n\u0103m ph\u00e1t tri\u1ec3n, LUNA CLOSET \u0111\u00e3 c\u00f3 nh\u1eefng c\u1eeda h\u00e0ng t\u1ea1i:\u00a0 Chi nh\u00e1nh HCM:\u00a0 32 Nguy\u1ec5n Tr\u00e3i, Ph\u01b0\u1eddng B\u1ebfn Th\u00e0nh, Qu\u1eadn 1, Th\u00e0nh ph\u1ed1 H\u1ed3 Ch\u00ed Minh, Vi\u1ec7t Nam T\u1ea7ng B2, Vincom Center \u0110\u1ed3ng Kh\u1edfi, 72 L\u00ea Th\u00e1nh T\u00f4n | 47 L\u00fd T\u1ef1 Tr\u1ecdng, Ph\u01b0\u1eddng B\u1ebfn Ngh\u00e9, Qu\u1eadn 1, [...]","og_url":"https:\/\/amazon.azdigi.shop\/index.php\/he-thong-cua-hang\/","og_site_name":"lunacloset","article_modified_time":"2026-04-10T19:11:40+00:00","og_image":[{"width":2048,"height":869,"url":"https:\/\/amazon.azdigi.shop\/wp-content\/uploads\/2026\/04\/web_ngang21_d3fec5c40694415d86e00bceb2f9918f.jpg?wsr","type":"image\/jpeg"}],"twitter_card":"summary_large_image","twitter_misc":{"Est. reading time":"2 minutes"},"schema":{"@context":"https:\/\/schema.org","@graph":[{"@type":"WebPage","@id":"https:\/\/amazon.azdigi.shop\/index.php\/he-thong-cua-hang\/","url":"https:\/\/amazon.azdigi.shop\/index.php\/he-thong-cua-hang\/","name":"H\u1ec6 TH\u1ed0NG C\u1eecA H\u00c0NG - lunacloset","isPartOf":{"@id":"https:\/\/amazon.azdigi.shop\/#website"},"primaryImageOfPage":{"@id":"https:\/\/amazon.azdigi.shop\/index.php\/he-thong-cua-hang\/#primaryimage"},"image":{"@id":"https:\/\/amazon.azdigi.shop\/index.php\/he-thong-cua-hang\/#primaryimage"},"thumbnailUrl":"https:\/\/amazon.azdigi.shop\/wp-content\/uploads\/2026\/04\/web_ngang21_d3fec5c40694415d86e00bceb2f9918f.jpg","datePublished":"2026-04-03T08:29:02+00:00","dateModified":"2026-04-10T19:11:40+00:00","breadcrumb":{"@id":"https:\/\/amazon.azdigi.shop\/index.php\/he-thong-cua-hang\/#breadcrumb"},"inLanguage":"en-US","potentialAction":[{"@type":"ReadAction","target":["https:\/\/amazon.azdigi.shop\/index.php\/he-thong-cua-hang\/"]}]},{"@type":"ImageObject","inLanguage":"en-US","@id":"https:\/\/amazon.azdigi.shop\/index.php\/he-thong-cua-hang\/#primaryimage","url":"https:\/\/amazon.azdigi.shop\/wp-content\/uploads\/2026\/04\/web_ngang21_d3fec5c40694415d86e00bceb2f9918f.jpg?wsr","contentUrl":"https:\/\/amazon.azdigi.shop\/wp-content\/uploads\/2026\/04\/web_ngang21_d3fec5c40694415d86e00bceb2f9918f.jpg?wsr","width":2048,"height":869},{"@type":"BreadcrumbList","@id":"https:\/\/amazon.azdigi.shop\/index.php\/he-thong-cua-hang\/#breadcrumb","itemListElement":[{"@type":"ListItem","position":1,"name":"Home","item":"https:\/\/amazon.azdigi.shop\/"},{"@type":"ListItem","position":2,"name":"H\u1ec6 TH\u1ed0NG C\u1eecA H\u00c0NG"}]},{"@type":"WebSite","@id":"https:\/\/amazon.azdigi.shop\/#website","url":"https:\/\/amazon.azdigi.shop\/","name":"lunacloset","description":"","potentialAction":[{"@type":"SearchAction","target":{"@type":"EntryPoint","urlTemplate":"https:\/\/amazon.azdigi.shop\/?s={search_term_string}"},"query-input":{"@type":"PropertyValueSpecification","valueRequired":true,"valueName":"search_term_string"}}],"inLanguage":"en-US"}]}},"_links":{"self":[{"href":"https:\/\/amazon.azdigi.shop\/index.php\/wp-json\/wp\/v2\/pages\/287","targetHints":{"allow":["GET"]}}],"collection":[{"href":"https:\/\/amazon.azdigi.shop\/index.php\/wp-json\/wp\/v2\/pages"}],"about":[{"href":"https:\/\/amazon.azdigi.shop\/index.php\/wp-json\/wp\/v2\/types\/page"}],"author":[{"embeddable":true,"href":"https:\/\/amazon.azdigi.shop\/index.php\/wp-json\/wp\/v2\/users\/1"}],"replies":[{"embeddable":true,"href":"https:\/\/amazon.azdigi.shop\/index.php\/wp-json\/wp\/v2\/comments?post=287"}],"version-history":[{"count":3,"href":"https:\/\/amazon.azdigi.shop\/index.php\/wp-json\/wp\/v2\/pages\/287\/revisions"}],"predecessor-version":[{"id":434,"href":"https:\/\/amazon.azdigi.shop\/index.php\/wp-json\/wp\/v2\/pages\/287\/revisions\/434"}],"wp:attachment":[{"href":"https:\/\/amazon.azdigi.shop\/index.php\/wp-json\/wp\/v2\/media?parent=287"}],"curies":[{"name":"wp","href":"https:\/\/api.w.org\/{rel}","templated":true}]}}